87.250.252.241 - - [19/Jan/2012:07:08:59 +0000] "GET /faqs HTTP/1.1" 404 202 "-" "Mozilla/5.0 (compatible; YandexBot/3.0; +http://yandex.com/bots)"
87.250.252.241 - - [19/Jan/2012:08:36:11 +0000] "GET /oft-probe-outdoor-advertising-market HTTP/1.1" 404 234 "-" "Mozilla/5.0 (compatible; YandexBot/3.0; +http://yandex.com/bots)"
220.181.108.185 - - [19/Jan/2012:10:00:51 +0000] "GET / HTTP/1.1" 200 9134 "-" "Mozilla/5.0 (compatible; Baiduspider/2.0; +http://www.baidu.com/search/spider.html)"
220.181.108.148 - - [19/Jan/2012:10:04:44 +0000] "GET /style.css HTTP/1.1" 200 23026 "-" "Mozilla/5.0 (compatible; Baiduspider/2.0; +http://www.baidu.com/search/spider.html)"
87.250.252.241 - - [20/Jan/2012:08:56:18 +0000] "GET /robots.txt HTTP/1.1" 404 208 "-" "Mozilla/5.0 (compatible; YandexBot/3.0; +http://yandex.com/bots)"
65.52.104.26 - - [20/Jan/2012:14:11:30 +0000] "GET /robots.txt HTTP/1.1" 404 208 "-" "Mozilla/5.0 (compatible; bingbot/2.0; +http://www.bing.com/bingbot.htm)"
65.52.104.26 - - [20/Jan/2012:14:17:04 +0000] "GET / HTTP/1.1" 200 9134 "-" "Mozilla/5.0 (compatible; bingbot/2.0; +http://www.bing.com/bingbot.htm)"
95.108.150.235 - - [20/Jan/2012:15:20:39 +0000] "GET /robots.txt HTTP/1.1" 404 208 "-" "Mozilla/5.0 (compatible; YandexBot/3.0; +http://yandex.com/bots)"
95.108.150.235 - - [20/Jan/2012:15:20:40 +0000] "GET / HTTP/1.1" 200 9134 "-" "Mozilla/5.0 (compatible; YandexBot/3.0; +http://yandex.com/bots)"
95.108.150.235 - - [20/Jan/2012:15:20:41 +0000] "GET / HTTP/1.1" 200 9134 "-" "Mozilla/5.0 (compatible; YandexBot/3.0; +http://yandex.com/bots)"
87.250.252.241 - - [20/Jan/2012:18:19:11 +0000] "GET /faqs HTTP/1.1" 404 202 "-" "Mozilla/5.0 (compatible; YandexBot/3.0; +http://yandex.com/bots)"
65.52.104.26 - - [21/Jan/2012:03:22:24 +0000] "GET /robots.txt HTTP/1.1" 404 208 "-" "Mozilla/5.0 (compatible; bingbot/2.0; +http://www.bing.com/bingbot.htm)"
66.249.71.173 - - [21/Jan/2012:05:36:07 +0000] "GET /robots.txt HTTP/1.1" 404 208 "-" "Mozilla/5.0 (compatible; Googlebot/2.1; +http://www.google.com/bot.html)"
66.249.71.173 - - [21/Jan/2012:05:36:08 +0000] "GET / HTTP/1.1" 200 9134 "-" "Mozilla/5.0 (compatible; Googlebot/2.1; +http://www.google.com/bot.html)"
180.76.5.65 - - [21/Jan/2012:06:29:47 +0000] "GET / HTTP/1.1" 200 9134 "-" "Mozilla/5.0 (compatible; Baiduspider/2.0; +http://www.baidu.com/search/spider.html)"
220.181.108.118 - - [21/Jan/2012:07:53:08 +0000] "GET /east-midlands HTTP/1.1" 404 211 "-" "Mozilla/5.0 (compatible; Baiduspider/2.0; +http://www.baidu.com/search/spider.html)"
108.59.8.80 - - [21/Jan/2012:20:26:43 +0000] "GET /robots.txt HTTP/1.0" 404 208 "-" "Mozilla/5.0 (compatible; MJ12bot/v1.4.1; http://www.majestic12.co.uk/bot.php?+)"
108.59.8.80 - - [21/Jan/2012:20:26:45 +0000] "GET / HTTP/1.0" 200 9134 "-" "Mozilla/5.0 (compatible; MJ12bot/v1.4.1; http://www.majestic12.co.uk/bot.php?+)"
220.181.108.102 - - [22/Jan/2012:08:59:22 +0000] "GET / HTTP/1.1" 304 - "-" "Mozilla/5.0 (compatible; Baiduspider/2.0; +http://www.baidu.com/search/spider.html)"
95.108.150.235 - - [22/Jan/2012:19:12:07 +0000] "GET /robots.txt HTTP/1.1" 404 208 "-" "Mozilla/5.0 (compatible; YandexBot/3.0; +http://yandex.com/bots)"
95.108.150.235 - - [22/Jan/2012:19:12:08 +0000] "GET / HTTP/1.1" 200 9134 "-" "Mozilla/5.0 (compatible; YandexBot/3.0; +http://yandex.com/bots)"
95.108.150.235 - - [22/Jan/2012:19:12:10 +0000] "GET / HTTP/1.1" 200 9134 "-" "Mozilla/5.0 (compatible; YandexBot/3.0; +http://yandex.com/bots)"
220.181.108.174 - - [23/Jan/2012:01:37:29 +0000] "GET /contract-services HTTP/1.1" 404 215 "-" "Mozilla/5.0 (compatible; Baiduspider/2.0; +http://www.baidu.com/search/spider.html)"
95.108.151.244 - - [23/Jan/2012:14:17:22 +0000] "GET /robots.txt HTTP/1.1" 404 208 "-" "Mozilla/5.0 (compatible; YandexBot/3.0; +http://yandex.com/bots)"
95.108.151.244 - - [23/Jan/2012:14:17:23 +0000] "GET /banners-building-wraps HTTP/1.1" 404 220 "-" "Mozilla/5.0 (compatible; YandexBot/3.0; +http://yandex.com/bots)"
95.108.151.244 - - [23/Jan/2012:14:17:24 +0000] "GET /banners-building-wraps HTTP/1.1" 404 220 "-" "Mozilla/5.0 (compatible; YandexBot/3.0; +http://yandex.com/bots)"
95.108.151.244 - - [23/Jan/2012:14:17:25 +0000] "GET /contact-us HTTP/1.1" 404 208 "-" "Mozilla/5.0 (compatible; YandexBot/3.0; +http://yandex.com/bots)"
95.108.151.244 - - [23/Jan/2012:14:17:26 +0000] "GET /contact-us HTTP/1.1" 404 208 "-" "Mozilla/5.0 (compatible; YandexBot/3.0; +http://yandex.com/bots)"
95.108.151.244 - - [23/Jan/2012:14:17:27 +0000] "GET /contract-services HTTP/1.1" 404 215 "-" "Mozilla/5.0 (compatible; YandexBot/3.0; +http://yandex.com/bots)"
95.108.151.244 - - [23/Jan/2012:14:17:28 +0000] "GET /contract-services HTTP/1.1" 404 215 "-" "Mozilla/5.0 (compatible; YandexBot/3.0; +http://yandex.com/bots)"
95.108.151.244 - - [23/Jan/2012:14:17:29 +0000] "GET /development-design-project-management HTTP/1.1" 404 235 "-" "Mozilla/5.0 (compatible; YandexBot/3.0; +http://yandex.com/bots)"
95.108.151.244 - - [23/Jan/2012:14:17:30 +0000] "GET /development-design-project-management HTTP/1.1" 404 235 "-" "Mozilla/5.0 (compatible; YandexBot/3.0; +http://yandex.com/bots)"
95.108.151.244 - - [23/Jan/2012:14:17:31 +0000] "GET /digital HTTP/1.1" 404 205 "-" "Mozilla/5.0 (compatible; YandexBot/3.0; +http://yandex.com/bots)"
95.108.151.244 - - [23/Jan/2012:14:17:32 +0000] "GET /east-england HTTP/1.1" 404 210 "-" "Mozilla/5.0 (compatible; YandexBot/3.0; +http://yandex.com/bots)"
95.108.151.244 - - [23/Jan/2012:14:17:33 +0000] "GET /digital HTTP/1.1" 404 205 "-" "Mozilla/5.0 (compatible; YandexBot/3.0; +http://yandex.com/bots)"
95.108.151.244 - - [23/Jan/2012:14:17:34 +0000] "GET /east-england HTTP/1.1" 404 210 "-" "Mozilla/5.0 (compatible; YandexBot/3.0; +http://yandex.com/bots)"
95.108.151.244 - - [23/Jan/2012:14:17:35 +0000] "GET /faqs HTTP/1.1" 404 202 "-" "Mozilla/5.0 (compatible; YandexBot/3.0; +http://yandex.com/bots)"
95.108.151.244 - - [23/Jan/2012:14:17:36 +0000] "GET /north-east HTTP/1.1" 404 208 "-" "Mozilla/5.0 (compatible; YandexBot/3.0; +http://yandex.com/bots)"
95.108.151.244 - - [23/Jan/2012:14:17:37 +0000] "GET /faqs HTTP/1.1" 404 202 "-" "Mozilla/5.0 (compatible; YandexBot/3.0; +http://yandex.com/bots)"
95.108.151.244 - - [23/Jan/2012:14:17:38 +0000] "GET /north-east HTTP/1.1" 404 208 "-" "Mozilla/5.0 (compatible; YandexBot/3.0; +http://yandex.com/bots)"
95.108.151.244 - - [23/Jan/2012:14:17:39 +0000] "GET /outdoor-market HTTP/1.1" 404 212 "-" "Mozilla/5.0 (compatible; YandexBot/3.0; +http://yandex.com/bots)"
95.108.151.244 - - [23/Jan/2012:14:17:40 +0000] "GET /scotland HTTP/1.1" 404 206 "-" "Mozilla/5.0 (compatible; YandexBot/3.0; +http://yandex.com/bots)"
95.108.151.244 - - [23/Jan/2012:14:17:41 +0000] "GET /outdoor-market HTTP/1.1" 404 212 "-" "Mozilla/5.0 (compatible; YandexBot/3.0; +http://yandex.com/bots)"
95.108.151.244 - - [23/Jan/2012:14:17:42 +0000] "GET /scotland HTTP/1.1" 404 206 "-" "Mozilla/5.0 (compatible; YandexBot/3.0; +http://yandex.com/bots)"
95.108.151.244 - - [23/Jan/2012:14:17:43 +0000] "GET /site-map HTTP/1.1" 404 206 "-" "Mozilla/5.0 (compatible; YandexBot/3.0; +http://yandex.com/bots)"
95.108.151.244 - - [23/Jan/2012:14:17:44 +0000] "GET /south-east HTTP/1.1" 404 208 "-" "Mozilla/5.0 (compatible; YandexBot/3.0; +http://yandex.com/bots)"
95.108.151.244 - - [23/Jan/2012:14:17:45 +0000] "GET /site-map HTTP/1.1" 404 206 "-" "Mozilla/5.0 (compatible; YandexBot/3.0; +http://yandex.com/bots)"
95.108.151.244 - - [23/Jan/2012:14:17:46 +0000] "GET /south-east HTTP/1.1" 404 208 "-" "Mozilla/5.0 (compatible; YandexBot/3.0; +http://yandex.com/bots)"
95.65.27.202 - - [24/Jan/2012:02:22:24 +0000] "GET /plugins/editors/tinymce/jscripts/tiny_mce/plugins/tinybrowser/upload.php HTTP/1.1" 404 270 "-" "Mozilla/5.0 (Windows; U; Windows NT 6.1; en; rv:1.9.2.13) Gecko/20101203 Firefox/3.6.13"
66.249.71.173 - - [24/Jan/2012:05:31:29 +0000] "GET /robots.txt HTTP/1.1" 404 208 "-" "Mozilla/5.0 (compatible; Googlebot/2.1; +http://www.google.com/bot.html)"
66.249.71.173 - - [24/Jan/2012:05:31:29 +0000] "GET / HTTP/1.1" 200 9134 "-" "Mozilla/5.0 (compatible; Googlebot/2.1; +http://www.google.com/bot.html)"
180.76.5.165 - - [24/Jan/2012:06:22:50 +0000] "GET / HTTP/1.1" 304 - "-" "Mozilla/5.0 (compatible; Baiduspider/2.0; +http://www.baidu.com/search/spider.html)"
66.249.71.173 - - [24/Jan/2012:09:05:39 +0000] "GET /sites/default/files/TTP%20Brochure%202011.pdf HTTP/1.1" 404 239 "-" "Mozilla/5.0 (compatible; Googlebot/2.1; +http://www.google.com/bot.html)"
95.108.150.235 - - [24/Jan/2012:13:26:27 +0000] "GET /robots.txt HTTP/1.1" 404 208 "-" "Mozilla/5.0 (compatible; YandexBot/3.0; +http://yandex.com/bots)"
95.108.150.235 - - [24/Jan/2012:13:26:28 +0000] "GET / HTTP/1.1" 200 9134 "-" "Mozilla/5.0 (compatible; YandexBot/3.0; +http://yandex.com/bots)"
95.108.150.235 - - [24/Jan/2012:13:26:29 +0000] "GET / HTTP/1.1" 200 9134 "-" "Mozilla/5.0 (compatible; YandexBot/3.0; +http://yandex.com/bots)"
76.72.167.164 - - [24/Jan/2012:20:58:43 +0000] "GET /robots.txt HTTP/1.0" 404 208 "-" "Mozilla/5.0 (compatible; MJ12bot/v1.4.1; http://www.majestic12.co.uk/bot.php?+)"
76.72.167.164 - - [24/Jan/2012:20:58:45 +0000] "GET / HTTP/1.0" 200 9134 "-" "Mozilla/5.0 (compatible; MJ12bot/v1.4.1; http://www.majestic12.co.uk/bot.php?+)"
184.154.48.82 - - [25/Jan/2012:17:00:55 +0000] "GET /robots.txt HTTP/1.0" 404 208 "-" "Mozilla/5.0 (compatible; MJ12bot/v1.4.1; http://www.majestic12.co.uk/bot.php?+)"
184.154.48.82 - - [25/Jan/2012:17:00:57 +0000] "GET / HTTP/1.0" 200 9134 "-" "Mozilla/5.0 (compatible; MJ12bot/v1.4.1; http://www.majestic12.co.uk/bot.php?+)"
92.39.50.14 - - [26/Jan/2012:03:02:04 +0000] "GET /wp-login.php HTTP/1.0" 404 210 "-" "-"
220.181.108.175 - - [26/Jan/2012:10:12:20 +0000] "GET / HTTP/1.1" 304 - "-" "Mozilla/5.0 (compatible; Baiduspider/2.0; +http://www.baidu.com/search/spider.html)"
65.52.104.26 - - [26/Jan/2012:13:05:40 +0000] "GET /robots.txt HTTP/1.1" 404 208 "-" "Mozilla/5.0 (compatible; bingbot/2.0; +http://www.bing.com/bingbot.htm)"
65.52.104.26 - - [26/Jan/2012:13:06:52 +0000] "GET / HTTP/1.1" 304 - "-" "Mozilla/5.0 (compatible; bingbot/2.0; +http://www.bing.com/bingbot.htm)"
95.108.150.235 - - [26/Jan/2012:13:31:52 +0000] "GET /robots.txt HTTP/1.1" 404 208 "-" "Mozilla/5.0 (compatible; YandexBot/3.0; +http://yandex.com/bots)"
95.108.150.235 - - [26/Jan/2012:13:31:53 +0000] "GET / HTTP/1.1" 200 9134 "-" "Mozilla/5.0 (compatible; YandexBot/3.0; +http://yandex.com/bots)"
95.108.150.235 - - [26/Jan/2012:13:31:54 +0000] "GET / HTTP/1.1" 200 9134 "-" "Mozilla/5.0 (compatible; YandexBot/3.0; +http://yandex.com/bots)"
66.249.71.173 - - [27/Jan/2012:05:43:46 +0000] "GET /robots.txt HTTP/1.1" 404 208 "-" "Mozilla/5.0 (compatible; Googlebot/2.1; +http://www.google.com/bot.html)"
66.249.71.173 - - [27/Jan/2012:05:43:46 +0000] "GET / HTTP/1.1" 200 9134 "-" "Mozilla/5.0 (compatible; Googlebot/2.1; +http://www.google.com/bot.html)"
96.2.82.137 - - [27/Jan/2012:21:32:47 +0000] "GET /robots.txt HTTP/1.0" 404 208 "-" "Mozilla/5.0 (compatible; MJ12bot/v1.4.1; http://www.majestic12.co.uk/bot.php?+)"
96.2.82.137 - - [27/Jan/2012:21:32:49 +0000] "GET / HTTP/1.1" 200 9134 "-" "Mozilla/5.0 (compatible; MJ12bot/v1.4.1; http://www.majestic12.co.uk/bot.php?+)"
123.125.71.20 - - [27/Jan/2012:23:50:39 +0000] "GET /images/asmtp.gif HTTP/1.1" 200 10248 "-" "Baiduspider-image+(+http://www.baidu.com/search/spider.htm)"
180.76.6.28 - - [28/Jan/2012:03:28:15 +0000] "GET / HTTP/1.1" 304 - "-" "Mozilla/5.0 (compatible; Baiduspider/2.0; +http://www.baidu.com/search/spider.html)"
95.108.150.235 - - [28/Jan/2012:13:16:57 +0000] "GET /robots.txt HTTP/1.1" 404 208 "-" "Mozilla/5.0 (compatible; YandexBot/3.0; +http://yandex.com/bots)"
95.108.150.235 - - [28/Jan/2012:13:16:58 +0000] "GET / HTTP/1.1" 200 9134 "-" "Mozilla/5.0 (compatible; YandexBot/3.0; +http://yandex.com/bots)"
95.108.150.235 - - [28/Jan/2012:13:16:59 +0000] "GET / HTTP/1.1" 200 9134 "-" "Mozilla/5.0 (compatible; YandexBot/3.0; +http://yandex.com/bots)"
66.249.71.173 - - [30/Jan/2012:05:53:58 +0000] "GET /robots.txt HTTP/1.1" 404 208 "-" "Mozilla/5.0 (compatible; Googlebot/2.1; +http://www.google.com/bot.html)"
66.249.71.173 - - [30/Jan/2012:05:53:58 +0000] "GET / HTTP/1.1" 200 9134 "-" "Mozilla/5.0 (compatible; Googlebot/2.1; +http://www.google.com/bot.html)"
220.181.108.93 - - [30/Jan/2012:07:27:04 +0000] "GET / HTTP/1.1" 304 - "-" "Mozilla/5.0 (compatible; Baiduspider/2.0; +http://www.baidu.com/search/spider.html)"
95.108.150.235 - - [30/Jan/2012:12:57:49 +0000] "GET /robots.txt HTTP/1.1" 404 208 "-" "Mozilla/5.0 (compatible; YandexBot/3.0; +http://yandex.com/bots)"
95.108.150.235 - - [30/Jan/2012:12:57:50 +0000] "GET / HTTP/1.1" 200 9134 "-" "Mozilla/5.0 (compatible; YandexBot/3.0; +http://yandex.com/bots)"
95.108.150.235 - - [30/Jan/2012:12:57:51 +0000] "GET / HTTP/1.1" 200 9134 "-" "Mozilla/5.0 (compatible; YandexBot/3.0; +http://yandex.com/bots)"
88.134.64.55 - - [30/Jan/2012:22:24:21 +0000] "GET /robots.txt HTTP/1.0" 404 208 "-" "Mozilla/5.0 (compatible; MJ12bot/v1.4.1; http://www.majestic12.co.uk/bot.php?+)"
88.134.64.55 - - [30/Jan/2012:22:24:22 +0000] "GET / HTTP/1.1" 200 9134 "-" "Mozilla/5.0 (compatible; MJ12bot/v1.4.1; http://www.majestic12.co.uk/bot.php?+)"
95.108.151.244 - - [31/Jan/2012:13:21:59 +0000] "GET /robots.txt HTTP/1.1" 404 208 "-" "Mozilla/5.0 (compatible; YandexBot/3.0; +http://yandex.com/bots)"
95.108.151.244 - - [31/Jan/2012:13:22:00 +0000] "GET / HTTP/1.1" 200 9134 "-" "Mozilla/5.0 (compatible; YandexBot/3.0; +http://yandex.com/bots)"
95.108.151.244 - - [31/Jan/2012:13:22:01 +0000] "GET / HTTP/1.1" 200 9134 "-" "Mozilla/5.0 (compatible; YandexBot/3.0; +http://yandex.com/bots)"
157.55.17.195 - - [31/Jan/2012:14:45:42 +0000] "GET /robots.txt HTTP/1.1" 404 208 "-" "Mozilla/5.0 (compatible; bingbot/2.0; +http://www.bing.com/bingbot.htm)"
157.55.17.195 - - [31/Jan/2012:14:46:22 +0000] "GET / HTTP/1.1" 304 - "-" "Mozilla/5.0 (compatible; bingbot/2.0; +http://www.bing.com/bingbot.htm)"