208.80.194.30 - - [15/Jan/2012:14:26:20 +0000] "GET / HTTP/1.0" 200 575 "-" "Mozilla/4.0 (compatible; MSIE 6.0; Windows NT 5.1; SV1; Ringo; .NET CLR 1.1.4322; ZangoToolbar 4.8.2)"
208.80.194.30 - - [17/Jan/2012:04:06:21 +0000] "GET / HTTP/1.0" 200 575 "-" "Mozilla/4.0 (compatible; MSIE 7.0; Windows NT 5.1; Media Center PC 3.0; .NET CLR 1.0.3705; .NET CLR 1.1.4322; yplus 5.1.04b)"
66.249.72.17 - - [17/Jan/2012:10:46:43 +0000] "GET /robots.txt HTTP/1.1" 200 124 "-" "Mozilla/5.0 (compatible; Googlebot/2.1; +http://www.google.com/bot.html)"
66.249.72.17 - - [17/Jan/2012:10:46:43 +0000] "GET / HTTP/1.1" 304 - "-" "Mozilla/5.0 (compatible; Googlebot/2.1; +http://www.google.com/bot.html)"
94.236.99.250 - - [17/Jan/2012:18:01:21 +0000] "GET /robots.txt HTTP/1.1" 200 124 "-" "Mozilla/5.0 (Windows; U; Windows NT 6.1; en-US) AppleWebKit/534.16 (KHTML, like Gecko) Chrome/10.0.648.204 Safari/534.16"
94.236.99.250 - - [17/Jan/2012:18:01:21 +0000] "GET /casestudies/cs_component_11.htm HTTP/1.1" 200 8873 "-" "Mozilla/5.0 (Windows; U; Windows NT 6.1; en-US) AppleWebKit/534.16 (KHTML, like Gecko) Chrome/10.0.648.204 Safari/534.16"
88.214.193.166 - - [18/Jan/2012:04:06:57 +0000] "GET / HTTP/1.1" 200 575 "http://www.semrush.com/uk/info/autoanalysis.co.uk" "Mozilla/4.0 (compatible; MSIE 7.0; Windows NT 5.1; iOpus-Web-Automation; .NET CLR 1.1.4322; .NET CLR 2.0.50727; .NET CLR 3.0.04506.648; .NET CLR 3.5.21022)"
208.80.194.27 - - [18/Jan/2012:22:38:35 +0000] "GET / HTTP/1.0" 200 575 "-" "Mozilla/4.0 (compatible; MSIE 6.0; Windows NT 5.1; FunWebProducts-MyWay)"
188.92.162.17 - - [19/Jan/2012:20:06:37 +0000] "GET / HTTP/1.0" 200 575 "-" "-"
188.92.162.17 - - [19/Jan/2012:20:06:37 +0000] "GET / HTTP/1.0" 200 575 "-" "-"
38.111.147.84 - - [20/Jan/2012:15:55:21 +0000] "GET /robots.txt HTTP/1.0" 200 124 "-" "TurnitinBot/2.1 (http://www.turnitin.com/robot/crawlerinfo.html)"
38.111.147.84 - - [20/Jan/2012:15:55:25 +0000] "GET / HTTP/1.0" 200 575 "-" "TurnitinBot/2.1 (http://www.turnitin.com/robot/crawlerinfo.html)"
94.236.99.250 - - [20/Jan/2012:16:57:56 +0000] "GET /robots.txt HTTP/1.1" 200 124 "-" "Mozilla/5.0 (Windows; U; Windows NT 6.1; en-US) AppleWebKit/534.16 (KHTML, like Gecko) Chrome/10.0.648.204 Safari/534.16"
94.236.99.250 - - [20/Jan/2012:16:57:56 +0000] "GET /casestudies/cs_component_11.htm HTTP/1.1" 200 8873 "-" "Mozilla/5.0 (Windows; U; Windows NT 6.1; en-US) AppleWebKit/534.16 (KHTML, like Gecko) Chrome/10.0.648.204 Safari/534.16"
208.80.194.30 - - [20/Jan/2012:17:21:54 +0000] "GET / HTTP/1.0" 200 575 "-" "Mozilla/4.0 (compatible; MSIE 6.0; Windows NT 5.0; {14716646-6BE7-494E-9004-D73A65136838}; InfoPath.1; .NET CLR 1.0.3705)"
195.42.102.21 - - [20/Jan/2012:18:21:18 +0000] "GET / HTTP/1.1" 200 575 "-" "Mozilla/5.0 (compatible; WBSearchBot/1.1; +http://www.warebay.com/bot.html)"
38.111.147.84 - - [21/Jan/2012:02:17:22 +0000] "GET /robots.txt HTTP/1.0" 200 124 "-" "TurnitinBot/2.1 (http://www.turnitin.com/robot/crawlerinfo.html)"
38.111.147.84 - - [21/Jan/2012:02:17:27 +0000] "GET / HTTP/1.0" 200 575 "-" "TurnitinBot/2.1 (http://www.turnitin.com/robot/crawlerinfo.html)"
94.236.99.250 - - [21/Jan/2012:16:58:55 +0000] "GET /robots.txt HTTP/1.1" 200 124 "-" "Mozilla/5.0 (Windows; U; Windows NT 6.1; en-US) AppleWebKit/534.16 (KHTML, like Gecko) Chrome/10.0.648.204 Safari/534.16"
94.236.99.250 - - [21/Jan/2012:16:58:55 +0000] "GET /casestudies/cs_component_11.htm HTTP/1.1" 200 8873 "-" "Mozilla/5.0 (Windows; U; Windows NT 6.1; en-US) AppleWebKit/534.16 (KHTML, like Gecko) Chrome/10.0.648.204 Safari/534.16"
95.211.130.5 - - [21/Jan/2012:17:19:11 +0000] "GET / HTTP/1.1" 200 575 "-" "Mozilla/5.0 (Windows; U; Windows NT 5.1; ru-RU; rv:1.7.12) Gecko/20050919 Firefox/1.0.7"
184.82.228.106 - - [21/Jan/2012:17:33:58 +0000] "GET / HTTP/1.1" 200 575 "-" "Mozilla/5.0 (Windows; U; Windows NT 5.1; ru-RU; rv:1.7.12) Gecko/20050919 Firefox/1.0.7"
66.197.181.48 - - [21/Jan/2012:18:07:51 +0000] "GET / HTTP/1.1" 200 575 "-" "Mozilla/5.0 (Windows; U; Windows NT 5.1; ru-RU; rv:1.7.12) Gecko/20050919 Firefox/1.0.7"
107.22.18.221 - - [21/Jan/2012:20:27:55 +0000] "GET /robots.txt HTTP/1.0" 200 124 "-" "Mozilla/5.0/Nutch-1.1 (Windows; U; Windows NT 5.1; en-US; rv:1.9.2.13)"
107.22.18.221 - - [21/Jan/2012:20:27:55 +0000] "GET /service_5duedil.html HTTP/1.0" 200 7798 "-" "Mozilla/5.0/Nutch-1.1 (Windows; U; Windows NT 5.1; en-US; rv:1.9.2.13)"
88.214.193.166 - - [21/Jan/2012:23:39:28 +0000] "GET / HTTP/1.1" 200 575 "http://www.semrush.com/fr/info/autoanalysis.co.uk" "Mozilla/4.0 (compatible; MSIE 7.0; Windows NT 6.0; SIMBAR={8548D8D8-3DC4-11DF-A282-000000000000}; SLCC1; .NET CLR 2.0.50727; Media Center PC 5.0; InfoPath.2; .NET CLR 3.5.30729; OfficeLiveConnector.1.3; OfficeLivePatch.0.0; .NET CLR 3.0.30729; .NET4.0C)"
208.80.194.30 - - [22/Jan/2012:10:57:50 +0000] "GET / HTTP/1.0" 200 575 "-" "Mozilla/4.0 (compatible; MSIE 6.0; AOL 9.0; Windows 98; formatnec; FunWebProducts)"
107.22.18.221 - - [22/Jan/2012:12:57:11 +0000] "GET /service_3newmar.html HTTP/1.0" 200 7667 "-" "Mozilla/5.0/Nutch-1.1 (Windows; U; Windows NT 5.1; en-US; rv:1.9.2.13)"
94.236.99.250 - - [22/Jan/2012:16:59:15 +0000] "GET /robots.txt HTTP/1.1" 200 124 "-" "Mozilla/5.0 (Windows; U; Windows NT 6.1; en-US) AppleWebKit/534.16 (KHTML, like Gecko) Chrome/10.0.648.204 Safari/534.16"
94.236.99.250 - - [22/Jan/2012:16:59:15 +0000] "GET /casestudies/cs_component_11.htm HTTP/1.1" 200 8873 "-" "Mozilla/5.0 (Windows; U; Windows NT 6.1; en-US) AppleWebKit/534.16 (KHTML, like Gecko) Chrome/10.0.648.204 Safari/534.16"
94.236.99.250 - - [23/Jan/2012:16:59:26 +0000] "GET /robots.txt HTTP/1.1" 200 124 "-" "Mozilla/5.0 (Windows; U; Windows NT 6.1; en-US) AppleWebKit/534.16 (KHTML, like Gecko) Chrome/10.0.648.204 Safari/534.16"
94.236.99.250 - - [23/Jan/2012:16:59:26 +0000] "GET /casestudies/cs_component_11.htm HTTP/1.1" 200 8873 "-" "Mozilla/5.0 (Windows; U; Windows NT 6.1; en-US) AppleWebKit/534.16 (KHTML, like Gecko) Chrome/10.0.648.204 Safari/534.16"
88.214.193.166 - - [24/Jan/2012:00:50:46 +0000] "GET / HTTP/1.1" 200 575 "http://www.whorush.com/search/?q=autoanalysis.co.uk" "Mozilla/4.0 (compatible; MSIE 7.0; Windows NT 5.1; Windows-Media-Player/10.00.00.3990)"
94.236.99.250 - - [24/Jan/2012:16:59:53 +0000] "GET /robots.txt HTTP/1.1" 200 124 "-" "Mozilla/5.0 (Windows; U; Windows NT 6.1; en-US) AppleWebKit/534.16 (KHTML, like Gecko) Chrome/10.0.648.204 Safari/534.16"
94.236.99.250 - - [24/Jan/2012:16:59:53 +0000] "GET /casestudies/cs_component_11.htm HTTP/1.1" 200 8873 "-" "Mozilla/5.0 (Windows; U; Windows NT 6.1; en-US) AppleWebKit/534.16 (KHTML, like Gecko) Chrome/10.0.648.204 Safari/534.16"
188.165.195.156 - - [25/Jan/2012:06:34:09 +0000] "HEAD / HTTP/1.1" 200 - "-" "Mozilla/4.0 (compatible; MSIE 5.01; Windows NT 5.0)"
94.236.99.250 - - [25/Jan/2012:17:33:22 +0000] "GET /robots.txt HTTP/1.1" 200 124 "-" "Mozilla/5.0 (Windows; U; Windows NT 6.1; en-US) AppleWebKit/534.16 (KHTML, like Gecko) Chrome/10.0.648.204 Safari/534.16"
94.236.99.250 - - [25/Jan/2012:17:33:22 +0000] "GET /casestudies/cs_component_11.htm HTTP/1.1" 200 8873 "-" "Mozilla/5.0 (Windows; U; Windows NT 6.1; en-US) AppleWebKit/534.16 (KHTML, like Gecko) Chrome/10.0.648.204 Safari/534.16"
94.236.99.250 - - [26/Jan/2012:18:11:16 +0000] "GET /robots.txt HTTP/1.1" 200 124 "-" "Mozilla/5.0 (Windows; U; Windows NT 6.1; en-US) AppleWebKit/534.16 (KHTML, like Gecko) Chrome/10.0.648.204 Safari/534.16"
94.236.99.250 - - [26/Jan/2012:18:11:16 +0000] "GET /casestudies/cs_component_11.htm HTTP/1.1" 200 8873 "-" "Mozilla/5.0 (Windows; U; Windows NT 6.1; en-US) AppleWebKit/534.16 (KHTML, like Gecko) Chrome/10.0.648.204 Safari/534.16"
94.236.99.250 - - [27/Jan/2012:06:13:26 +0000] "GET /robots.txt HTTP/1.1" 200 124 "-" "Mozilla/5.0 (Windows; U; Windows NT 6.1; en-US) AppleWebKit/534.16 (KHTML, like Gecko) Chrome/10.0.648.204 Safari/534.16"
94.236.99.250 - - [27/Jan/2012:06:13:26 +0000] "GET / HTTP/1.1" 200 575 "-" "Mozilla/5.0 (Windows; U; Windows NT 6.1; en-US) AppleWebKit/534.16 (KHTML, like Gecko) Chrome/10.0.648.204 Safari/534.16"
66.249.71.142 - - [27/Jan/2012:11:32:51 +0000] "GET /robots.txt HTTP/1.1" 200 124 "-" "Mozilla/5.0 (compatible; Googlebot/2.1; +http://www.google.com/bot.html)"
66.249.71.142 - - [27/Jan/2012:11:32:51 +0000] "GET / HTTP/1.1" 200 575 "-" "Mozilla/5.0 (compatible; Googlebot/2.1; +http://www.google.com/bot.html)"
193.28.178.13 - - [27/Jan/2012:11:39:07 +0000] "GET /robots.txt HTTP/1.1" 200 124 "-" "Mozilla/5.0 (Windows NT x.y; Win64; x64; rv:10.0.1) Gecko/20100101 Firefox/10.0.1"
193.28.178.13 - - [27/Jan/2012:11:39:07 +0000] "GET / HTTP/1.1" 200 575 "-" "Mozilla/5.0 (Windows NT x.y; Win64; x64; rv:10.0.1) Gecko/20100101 Firefox/10.0.1"
193.28.178.13 - - [27/Jan/2012:11:39:10 +0000] "GET / HTTP/1.1" 200 575 "-" "Mozilla/5.0 (Linux; U; Android 2.2; en-gb; GT-P1000 Build/FROYO) AppleWebKit/533.1 (KHTML, like Gecko) Version/4.0 Mobile Safari/533.1"
66.249.71.142 - - [27/Jan/2012:11:56:13 +0000] "GET /assets/splashpage2.gif HTTP/1.1" 200 15577 "-" "Googlebot-Image/1.0"
95.24.108.44 - - [27/Jan/2012:15:04:43 +0000] "GET / HTTP/1.0" 200 575 "http://yandex.ru/yandsearch?text=autoanalysis.co.uk" "Mozilla/4.0 (compatible; MSIE 6.0; Windows NT 5.1; SV1)"
94.236.99.250 - - [27/Jan/2012:19:54:37 +0000] "GET /robots.txt HTTP/1.1" 200 124 "-" "Mozilla/5.0 (Windows; U; Windows NT 6.1; en-US) AppleWebKit/534.16 (KHTML, like Gecko) Chrome/10.0.648.204 Safari/534.16"
94.236.99.250 - - [27/Jan/2012:19:54:37 +0000] "GET /casestudies/cs_component_11.htm HTTP/1.1" 200 8873 "-" "Mozilla/5.0 (Windows; U; Windows NT 6.1; en-US) AppleWebKit/534.16 (KHTML, like Gecko) Chrome/10.0.648.204 Safari/534.16"
207.239.105.194 - - [27/Jan/2012:20:40:14 +0000] "GET /favicon.ico HTTP/1.0" 404 209 "-" "-"
38.111.147.84 - - [28/Jan/2012:01:52:47 +0000] "GET /robots.txt HTTP/1.0" 200 124 "-" "TurnitinBot/2.1 (http://www.turnitin.com/robot/crawlerinfo.html)"
38.111.147.84 - - [28/Jan/2012:01:53:25 +0000] "GET / HTTP/1.0" 200 575 "-" "TurnitinBot/2.1 (http://www.turnitin.com/robot/crawlerinfo.html)"
88.214.193.166 - - [28/Jan/2012:13:55:38 +0000] "GET / HTTP/1.1" 200 575 "http://www.whorush.com/search/?q=autoanalysis.co.uk" "Mozilla/5.0 (Windows; U; Windows NT 6.1; en-US) AppleWebKit/534.10 (KHTML, like Gecko) Chrome/7.0.540.0 Safari/534.10"
88.214.193.166 - - [28/Jan/2012:17:37:46 +0000] "GET / HTTP/1.1" 200 575 "http://www.semrush.com/fr/info/autoanalysis.co.uk" "Mozilla/4.0 (compatible; MSIE 6.0; Windows NT 5.1; AT&T CSM7.0; FBSMTWB; FunWebProducts; GTB6.6; .NET CLR 1.1.4322)"
94.236.99.250 - - [29/Jan/2012:04:40:59 +0000] "GET /robots.txt HTTP/1.1" 200 124 "-" "Mozilla/5.0 (Windows; U; Windows NT 6.1; en-US) AppleWebKit/534.16 (KHTML, like Gecko) Chrome/10.0.648.204 Safari/534.16"
94.236.99.250 - - [29/Jan/2012:04:40:59 +0000] "GET /casestudies/cs_component_11.htm HTTP/1.1" 200 8873 "-" "Mozilla/5.0 (Windows; U; Windows NT 6.1; en-US) AppleWebKit/534.16 (KHTML, like Gecko) Chrome/10.0.648.204 Safari/534.16"
94.236.99.250 - - [29/Jan/2012:05:26:29 +0000] "GET /robots.txt HTTP/1.1" 200 124 "-" "Mozilla/5.0 (Windows; U; Windows NT 6.1; en-US) AppleWebKit/534.16 (KHTML, like Gecko) Chrome/10.0.648.204 Safari/534.16"
94.236.99.250 - - [29/Jan/2012:05:26:29 +0000] "GET /home.html HTTP/1.1" 200 6695 "-" "Mozilla/5.0 (Windows; U; Windows NT 6.1; en-US) AppleWebKit/534.16 (KHTML, like Gecko) Chrome/10.0.648.204 Safari/534.16"
94.236.99.250 - - [29/Jan/2012:05:30:20 +0000] "GET /robots.txt HTTP/1.1" 200 124 "-" "Mozilla/5.0 (Windows; U; Windows NT 6.1; en-US) AppleWebKit/534.16 (KHTML, like Gecko) Chrome/10.0.648.204 Safari/534.16"
94.236.99.250 - - [29/Jan/2012:05:30:20 +0000] "GET /service_3newmar.html HTTP/1.1" 200 7667 "-" "Mozilla/5.0 (Windows; U; Windows NT 6.1; en-US) AppleWebKit/534.16 (KHTML, like Gecko) Chrome/10.0.648.204 Safari/534.16"
94.236.99.250 - - [29/Jan/2012:05:33:21 +0000] "GET /robots.txt HTTP/1.1" 200 124 "-" "Mozilla/5.0 (Windows; U; Windows NT 6.1; en-US) AppleWebKit/534.16 (KHTML, like Gecko) Chrome/10.0.648.204 Safari/534.16"
94.236.99.250 - - [29/Jan/2012:05:33:21 +0000] "GET /service_8image.html HTTP/1.1" 200 7780 "-" "Mozilla/5.0 (Windows; U; Windows NT 6.1; en-US) AppleWebKit/534.16 (KHTML, like Gecko) Chrome/10.0.648.204 Safari/534.16"
94.236.99.250 - - [29/Jan/2012:06:30:54 +0000] "GET /robots.txt HTTP/1.1" 200 124 "-" "Mozilla/5.0 (Windows; U; Windows NT 6.1; en-US) AppleWebKit/534.16 (KHTML, like Gecko) Chrome/10.0.648.204 Safari/534.16"
94.236.99.250 - - [29/Jan/2012:06:30:54 +0000] "GET /casestudies/cs_component_20.htm HTTP/1.1" 200 8687 "-" "Mozilla/5.0 (Windows; U; Windows NT 6.1; en-US) AppleWebKit/534.16 (KHTML, like Gecko) Chrome/10.0.648.204 Safari/534.16"
208.80.194.30 - - [29/Jan/2012:07:13:37 +0000] "GET / HTTP/1.0" 200 575 "-" "Mozilla/4.0 (compatible; MSIE 7.0; Windows NT 5.1; AtHome021SI; iebar; Comcast; Comcast)"
94.236.99.250 - - [29/Jan/2012:08:29:51 +0000] "GET /robots.txt HTTP/1.1" 200 124 "-" "Mozilla/5.0 (Windows; U; Windows NT 6.1; en-US) AppleWebKit/534.16 (KHTML, like Gecko) Chrome/10.0.648.204 Safari/534.16"
94.236.99.250 - - [29/Jan/2012:08:29:51 +0000] "GET /casestudies/cs_vehicle_5.htm HTTP/1.1" 200 8943 "-" "Mozilla/5.0 (Windows; U; Windows NT 6.1; en-US) AppleWebKit/534.16 (KHTML, like Gecko) Chrome/10.0.648.204 Safari/534.16"
94.236.99.250 - - [29/Jan/2012:15:04:05 +0000] "GET /robots.txt HTTP/1.1" 200 124 "-" "Mozilla/5.0 (Windows; U; Windows NT 6.1; en-US) AppleWebKit/534.16 (KHTML, like Gecko) Chrome/10.0.648.204 Safari/534.16"
94.236.99.250 - - [29/Jan/2012:15:04:05 +0000] "GET /about.html HTTP/1.1" 200 6075 "-" "Mozilla/5.0 (Windows; U; Windows NT 6.1; en-US) AppleWebKit/534.16 (KHTML, like Gecko) Chrome/10.0.648.204 Safari/534.16"
94.236.99.250 - - [29/Jan/2012:19:11:26 +0000] "GET /robots.txt HTTP/1.1" 200 124 "-" "Mozilla/5.0 (Windows; U; Windows NT 6.1; en-US) AppleWebKit/534.16 (KHTML, like Gecko) Chrome/10.0.648.204 Safari/534.16"
94.236.99.250 - - [29/Jan/2012:19:11:26 +0000] "GET /service_6inwinvst.html HTTP/1.1" 200 7717 "-" "Mozilla/5.0 (Windows; U; Windows NT 6.1; en-US) AppleWebKit/534.16 (KHTML, like Gecko) Chrome/10.0.648.204 Safari/534.16"
94.236.99.250 - - [30/Jan/2012:05:32:18 +0000] "GET /robots.txt HTTP/1.1" 200 124 "-" "Mozilla/5.0 (Windows; U; Windows NT 6.1; en-US) AppleWebKit/534.16 (KHTML, like Gecko) Chrome/10.0.648.204 Safari/534.16"
94.236.99.250 - - [30/Jan/2012:05:32:18 +0000] "GET /clients.html HTTP/1.1" 200 5647 "-" "Mozilla/5.0 (Windows; U; Windows NT 6.1; en-US) AppleWebKit/534.16 (KHTML, like Gecko) Chrome/10.0.648.204 Safari/534.16"
94.236.99.250 - - [30/Jan/2012:07:56:28 +0000] "GET /robots.txt HTTP/1.1" 200 124 "-" "Mozilla/5.0 (Windows; U; Windows NT 6.1; en-US) AppleWebKit/534.16 (KHTML, like Gecko) Chrome/10.0.648.204 Safari/534.16"
94.236.99.250 - - [30/Jan/2012:07:56:28 +0000] "GET /casestudies/cs_component_11.htm HTTP/1.1" 200 8873 "-" "Mozilla/5.0 (Windows; U; Windows NT 6.1; en-US) AppleWebKit/534.16 (KHTML, like Gecko) Chrome/10.0.648.204 Safari/534.16"
208.80.194.30 - - [31/Jan/2012:03:00:23 +0000] "GET / HTTP/1.0" 200 575 "-" "Mozilla/4.0 (compatible; MSIE 7.0; Windows NT 5.1; i-NavFourF; Orange 7.4 ; NaviWoo1.1; .NET CLR 1.1.4322)"
94.236.99.250 - - [31/Jan/2012:06:48:42 +0000] "GET /robots.txt HTTP/1.1" 200 124 "-" "Mozilla/5.0 (Windows; U; Windows NT 6.1; en-US) AppleWebKit/534.16 (KHTML, like Gecko) Chrome/10.0.648.204 Safari/534.16"
94.236.99.250 - - [31/Jan/2012:06:48:42 +0000] "GET /casestudies/cs_newmarket_4.htm HTTP/1.1" 200 8681 "-" "Mozilla/5.0 (Windows; U; Windows NT 6.1; en-US) AppleWebKit/534.16 (KHTML, like Gecko) Chrome/10.0.648.204 Safari/534.16"
94.236.99.250 - - [31/Jan/2012:06:55:50 +0000] "GET /robots.txt HTTP/1.1" 200 124 "-" "Mozilla/5.0 (Windows; U; Windows NT 6.1; en-US) AppleWebKit/534.16 (KHTML, like Gecko) Chrome/10.0.648.204 Safari/534.16"
94.236.99.250 - - [31/Jan/2012:06:55:50 +0000] "GET /casestudies/cs_newmarket_5.htm HTTP/1.1" 200 8518 "-" "Mozilla/5.0 (Windows; U; Windows NT 6.1; en-US) AppleWebKit/534.16 (KHTML, like Gecko) Chrome/10.0.648.204 Safari/534.16"
94.236.99.250 - - [31/Jan/2012:07:21:55 +0000] "GET /robots.txt HTTP/1.1" 200 124 "-" "Mozilla/5.0 (Windows; U; Windows NT 6.1; en-US) AppleWebKit/534.16 (KHTML, like Gecko) Chrome/10.0.648.204 Safari/534.16"
94.236.99.250 - - [31/Jan/2012:07:21:55 +0000] "GET /casestudies/cs_newmarket_2.htm HTTP/1.1" 200 8554 "-" "Mozilla/5.0 (Windows; U; Windows NT 6.1; en-US) AppleWebKit/534.16 (KHTML, like Gecko) Chrome/10.0.648.204 Safari/534.16"
94.236.99.250 - - [31/Jan/2012:09:00:06 +0000] "GET /robots.txt HTTP/1.1" 200 124 "-" "Mozilla/5.0 (Windows; U; Windows NT 6.1; en-US) AppleWebKit/534.16 (KHTML, like Gecko) Chrome/10.0.648.204 Safari/534.16"
94.236.99.250 - - [31/Jan/2012:09:00:06 +0000] "GET /service_2compana.html HTTP/1.1" 200 8014 "-" "Mozilla/5.0 (Windows; U; Windows NT 6.1; en-US) AppleWebKit/534.16 (KHTML, like Gecko) Chrome/10.0.648.204 Safari/534.16"
94.236.99.250 - - [31/Jan/2012:09:05:28 +0000] "GET /robots.txt HTTP/1.1" 200 124 "-" "Mozilla/5.0 (Windows; U; Windows NT 6.1; en-US) AppleWebKit/534.16 (KHTML, like Gecko) Chrome/10.0.648.204 Safari/534.16"
94.236.99.250 - - [31/Jan/2012:09:05:28 +0000] "GET /service_4acquisition.html HTTP/1.1" 200 9876 "-" "Mozilla/5.0 (Windows; U; Windows NT 6.1; en-US) AppleWebKit/534.16 (KHTML, like Gecko) Chrome/10.0.648.204 Safari/534.16"
184.73.25.97 - - [31/Jan/2012:15:38:11 +0000] "GET /robots.txt HTTP/1.1" 200 124 "-" "EventMachine HttpClient"
184.73.25.97 - - [31/Jan/2012:15:38:11 +0000] "GET / HTTP/1.1" 200 575 "-" "EventMachine HttpClient"
88.214.193.166 - - [31/Jan/2012:17:58:12 +0000] "GET / HTTP/1.1" 200 575 "http://www.whorush.com/search/?q=autoanalysis.co.uk" "Mozilla/4.0 (compatible; MSIE 7.0; Windows NT 6.0; SIMBAR={AA62BD30-2A58-4A02-9433-F4E34A329982}; BLNGBAR; GTB6.5; SLCC1; .NET CLR 2.0.50727; Media Center PC 5.0; OfficeLiveConnector.1.3; OfficeLivePatch.0.0; InfoPath.2; .NET CLR 3.5.30729; .NET CLR 3.0.30618)"