193.106.136.51 - - [16/Jan/2012:08:25:29 +0000] "GET / HTTP/1.0" 200 9134 "http://regconn.ru/" "Mozilla/4.0 (compatible; MSIE 6.0; Windows NT 5.1; en) Opera 9.0"
193.106.136.51 - - [16/Jan/2012:08:25:29 +0000] "GET / HTTP/1.0" 200 9134 "http://regconn.ru/" "Mozilla/4.0 (compatible; MSIE 6.0; Windows NT 5.0; Avant Browser [avantbrowser.com]; Hotbar 4.4.5.0)"
193.106.136.51 - - [16/Jan/2012:08:25:30 +0000] "GET / HTTP/1.0" 200 9134 "http://regconn.ru/" "Mozilla/4.0 (compatible; MSIE 6.0; Windows NT 5.1; SV1; FunWebProducts)"
213.110.133.221 - - [16/Jan/2012:09:44:06 +0000] "GET / HTTP/1.1" 200 9134 "http://steps-to-trade.com/best-brokers.html" "Mozilla/5.0 (Macintosh; U; PPC Mac OS X; en-us) AppleWebKit/85.8.5 (KHTML, like Gecko) Safari/85.8.1"
213.110.133.221 - - [16/Jan/2012:09:44:06 +0000] "GET / HTTP/1.1" 200 9134 "http://steps-to-trade.com/best-brokers.html" "Mozilla/5.0 (Macintosh; U; PPC Mac OS X; en-us) AppleWebKit/85.8.5 (KHTML, like Gecko) Safari/85.8.1"
213.110.133.221 - - [16/Jan/2012:09:44:07 +0000] "GET / HTTP/1.1" 200 9134 "http://steps-to-trade.com/best-brokers.html" "Mozilla/5.0 (Macintosh; U; PPC Mac OS X; en-us) AppleWebKit/85.8.5 (KHTML, like Gecko) Safari/85.8.1"
95.108.151.244 - - [16/Jan/2012:12:53:31 +0000] "GET /robots.txt HTTP/1.1" 404 208 "-" "Mozilla/5.0 (compatible; YandexBot/3.0; +http://yandex.com/bots)"
95.108.151.244 - - [16/Jan/2012:12:53:32 +0000] "GET / HTTP/1.1" 200 9134 "-" "Mozilla/5.0 (compatible; YandexBot/3.0; +http://yandex.com/bots)"
95.108.151.244 - - [16/Jan/2012:12:53:33 +0000] "GET / HTTP/1.1" 200 9134 "-" "Mozilla/5.0 (compatible; YandexBot/3.0; +http://yandex.com/bots)"
123.125.71.48 - - [16/Jan/2012:13:12:36 +0000] "GET /robots.txt HTTP/1.1" 404 208 "-" "Baiduspider+(+http://www.baidu.com/search/spider.htm)"
87.250.252.241 - - [16/Jan/2012:19:12:43 +0000] "GET /robots.txt HTTP/1.1" 404 208 "-" "Mozilla/5.0 (compatible; YandexBot/3.0; +http://yandex.com/bots)"
87.250.252.241 - - [16/Jan/2012:23:28:38 +0000] "GET / HTTP/1.1" 200 9134 "-" "Mozilla/5.0 (compatible; YandexBot/3.0; +http://yandex.com/bots)"
213.110.133.221 - - [17/Jan/2012:06:33:49 +0000] "GET / HTTP/1.1" 200 9134 "http://us-america.ru/" "SonyEricssonT610/R101 Profile/MIDP-1.0 Configuration/CLDC-1.0 UP.Link/5.1.2.4"
213.110.133.221 - - [17/Jan/2012:06:33:50 +0000] "GET / HTTP/1.1" 200 9134 "http://us-america.ru/" "SonyEricssonT610/R101 Profile/MIDP-1.0 Configuration/CLDC-1.0 UP.Link/5.1.2.4"
213.110.133.221 - - [17/Jan/2012:06:33:50 +0000] "GET / HTTP/1.1" 200 9134 "http://us-america.ru/" "SonyEricssonT610/R101 Profile/MIDP-1.0 Configuration/CLDC-1.0 UP.Link/5.1.2.4"
178.137.129.153 - - [17/Jan/2012:08:33:53 +0000] "GET / HTTP/1.0" 200 9134 "http://vampired.tv/" "Opera/9.0 (Windows NT 5.1; U; en)"
178.137.129.153 - - [17/Jan/2012:08:33:55 +0000] "GET / HTTP/1.0" 200 9134 "http://vampired.tv/" "Mozilla/4.0 (compatible; MSIE 5.5; Windows NT 5.0; .NET CLR 1.1.4322)"
178.137.129.153 - - [17/Jan/2012:08:33:58 +0000] "GET / HTTP/1.0" 200 9134 "http://vampired.tv/" "Opera/8.00 (Windows NT 5.1; U; en)"
66.249.72.242 - - [17/Jan/2012:09:25:38 +0000] "GET /robots.txt HTTP/1.1" 404 208 "-" "Mozilla/5.0 (compatible; Googlebot/2.1; +http://www.google.com/bot.html)"
66.249.72.242 - - [17/Jan/2012:09:25:38 +0000] "GET / HTTP/1.1" 200 9134 "-" "Mozilla/5.0 (compatible; Googlebot/2.1; +http://www.google.com/bot.html)"
193.106.136.51 - - [17/Jan/2012:15:52:43 +0000] "GET / HTTP/1.0" 200 9134 "http://femalesport.ru/" "Mozilla/4.0 (compatible; MSIE 6.0; America Online Browser 1.1; rev1.2; Windows NT 5.1; SV1; .NET CLR 1.1.4322)"
193.106.136.51 - - [17/Jan/2012:15:52:43 +0000] "GET / HTTP/1.0" 200 9134 "http://femalesport.ru/" "Mozilla/4.0 (compatible; MSIE 6.0; AOL 9.0; Windows NT 5.1)"
193.106.136.51 - - [17/Jan/2012:15:52:43 +0000] "GET / HTTP/1.0" 200 9134 "http://femalesport.ru/" "Opera/7.54 (Windows NT 5.1; U) [pl]"
220.181.108.184 - - [18/Jan/2012:07:57:29 +0000] "GET / HTTP/1.1" 200 9134 "-" "Mozilla/5.0 (compatible; Baiduspider/2.0; +http://www.baidu.com/search/spider.html)"
220.181.108.180 - - [18/Jan/2012:08:01:19 +0000] "GET /style.css HTTP/1.1" 200 23026 "-" "Mozilla/5.0 (compatible; Baiduspider/2.0; +http://www.baidu.com/search/spider.html)"
109.120.157.179 - - [18/Jan/2012:08:13:09 +0000] "GET / HTTP/1.1" 200 9134 "http://fizika.tv/" "Mozilla/5.0 (Windows; U; Windows NT 5.1; PL; rv:1.8.0.4) Gecko/20060516 SeaMonkey/1.0.2"
109.120.157.179 - - [18/Jan/2012:08:13:11 +0000] "GET / HTTP/1.1" 200 9134 "http://fizika.tv/" "Mozilla/5.0 (Windows; U; Windows NT 5.1; PL; rv:1.8.0.4) Gecko/20060516 SeaMonkey/1.0.2"
193.106.136.53 - - [18/Jan/2012:09:17:16 +0000] "GET / HTTP/1.0" 200 9134 "http://club-amur.ru/" "Opera/7.60 (Windows NT 5.2; U) [en] (IBM EVV/3.0/EAK01AG9/LE)"
193.106.136.53 - - [18/Jan/2012:09:17:16 +0000] "GET / HTTP/1.0" 200 9134 "http://club-amur.ru/" "Mozilla/4.0 (compatible; MSIE 5.0; Windows 95) Opera 6.01 [en]"
193.106.136.53 - - [18/Jan/2012:09:17:16 +0000] "GET / HTTP/1.0" 200 9134 "http://club-amur.ru/" "Mozilla/4.0 (compatible; MSIE 6.0; Windows NT 5.1; Q312461)"
193.106.136.53 - - [18/Jan/2012:10:37:59 +0000] "GET /http://google.ru/ HTTP/1.0" 404 215 "http://bashtime.ru/" "Mozilla/4.0 (compatible; MSIE 6.0; Windows NT 5.0; KTXN)"
193.106.136.53 - - [18/Jan/2012:10:37:59 +0000] "GET /http://google.ru/ HTTP/1.0" 404 215 "http://bashtime.ru/" "Mozilla/0.91 Beta (Windows)"
193.106.136.53 - - [18/Jan/2012:10:37:59 +0000] "GET //google.ru/ HTTP/1.0" 404 208 "http://bashtime.ru/" "Mozilla/0.91 Beta (Windows)"
193.106.136.53 - - [18/Jan/2012:10:38:00 +0000] "GET /http://google.ru/ HTTP/1.0" 404 215 "http://bashtime.ru/" "Opera/9.00 (Windows NT 4.0; U; en)"
193.106.136.53 - - [18/Jan/2012:10:38:00 +0000] "GET //google.ru/ HTTP/1.0" 404 208 "http://bashtime.ru/" "Opera/9.00 (Windows NT 4.0; U; en)"
207.46.13.49 - - [18/Jan/2012:15:19:57 +0000] "GET /robots.txt HTTP/1.1" 404 208 "-" "Mozilla/5.0 (compatible; bingbot/2.0; +http://www.bing.com/bingbot.htm)"
207.46.13.49 - - [18/Jan/2012:15:20:58 +0000] "GET / HTTP/1.1" 200 9134 "-" "Mozilla/5.0 (compatible; bingbot/2.0; +http://www.bing.com/bingbot.htm)"
92.249.127.111 - - [19/Jan/2012:05:08:48 +0000] "GET / HTTP/1.1" 200 9134 "http://excel2010.ru/" "portalmmm/2.0 my700Xi(c20;TB)"
92.249.127.111 - - [19/Jan/2012:05:08:49 +0000] "GET / HTTP/1.1" 200 9134 "http://excel2010.ru/" "portalmmm/2.0 my700Xi(c20;TB)"
92.249.127.111 - - [19/Jan/2012:05:08:50 +0000] "GET / HTTP/1.1" 200 9134 "http://excel2010.ru/" "portalmmm/2.0 my700Xi(c20;TB)"
109.120.157.179 - - [19/Jan/2012:09:01:42 +0000] "GET / HTTP/1.1" 200 9134 "http://krasnoxolm.ru/" "SAGEM-my300X/1.0/ MIDP-2.0 Configuration/CLDC-1.1 UP.Browser/6.2.3.3.g.2.106 (GUI) MMP/2.0"
109.120.157.179 - - [19/Jan/2012:09:01:43 +0000] "GET / HTTP/1.1" 200 9134 "http://krasnoxolm.ru/" "SAGEM-my300X/1.0/ MIDP-2.0 Configuration/CLDC-1.1 UP.Browser/6.2.3.3.g.2.106 (GUI) MMP/2.0"
213.110.133.221 - - [19/Jan/2012:10:35:13 +0000] "GET / HTTP/1.1" 200 9134 "http://www.prodetey.ru/" "portalmmm/2.0 G402i(c10;TB)"
213.110.133.221 - - [19/Jan/2012:10:35:14 +0000] "GET / HTTP/1.1" 200 9134 "http://www.prodetey.ru/" "portalmmm/2.0 G402i(c10;TB)"
220.181.108.80 - - [19/Jan/2012:11:49:37 +0000] "GET / HTTP/1.1" 304 - "-" "Mozilla/5.0 (compatible; Baiduspider/2.0; +http://www.baidu.com/search/spider.html)"
178.137.129.153 - - [19/Jan/2012:15:53:50 +0000] "GET / HTTP/1.0" 200 9134 "http://www.justlady.ru/" "Mozilla/4.0 (compatible; MSIE 6.0; Windows NT 5.1; .NET CLR 1.1.4322)"
178.137.129.153 - - [19/Jan/2012:15:53:50 +0000] "GET / HTTP/1.0" 200 9134 "http://www.justlady.ru/" "Mozilla/4.0 (compatible; MSIE 6.0; Windows NT 5.1; .NET CLR 1.1.4322; FDM)"
178.137.129.153 - - [19/Jan/2012:15:53:50 +0000] "GET / HTTP/1.0" 200 9134 "http://www.justlady.ru/" "Mozilla/4.0 (compatible; MSIE 6.0; Windows NT 5.1; Q312461)"
178.137.5.105 - - [19/Jan/2012:19:27:55 +0000] "GET / HTTP/1.0" 200 9134 "http://mp3films.ru/" "Mozilla/4.0 (compatible; MSIE 6.0; Windows NT 5.1; SV1; .NET CLR 1.0.3705; .NET CLR 1.1.4322; .NET CLR 2.0.40607)"
178.137.5.105 - - [19/Jan/2012:19:27:55 +0000] "GET / HTTP/1.0" 200 9134 "http://mp3films.ru/" "Opera/9.01 (Windows NT 5.1; U; en)"
178.137.5.105 - - [19/Jan/2012:19:27:55 +0000] "GET / HTTP/1.0" 200 9134 "http://vampired.tv/" "Mozilla/4.0 (compatible; MSIE 6.0; Windows NT 5.1; SV1)"
178.137.5.105 - - [19/Jan/2012:19:27:55 +0000] "GET / HTTP/1.0" 200 9134 "http://svaty.tv/" "Opera/7.54 (Windows NT 5.1; U) [pl]"
178.137.5.105 - - [19/Jan/2012:19:27:55 +0000] "GET / HTTP/1.0" 200 9134 "http://mp3films.ru/" "Mozilla/4.0 (compatible; MSIE 6.0; Windows NT 5.1; SV1; MRA 4.6 (build 01425); MRSPUTNIK 1, 5, 0, 19 SW)"
178.137.5.105 - - [19/Jan/2012:19:27:55 +0000] "GET / HTTP/1.0" 200 9134 "http://vampired.tv/" "Mozilla/6.0 (compatible; MSIE 7.0a1; Windows NT 5.2; SV1)"
178.137.5.105 - - [19/Jan/2012:19:27:56 +0000] "GET / HTTP/1.0" 200 9134 "http://vampired.tv/" "Mozilla/4.79 [en] (Windows NT 5.0; U)"
178.137.5.105 - - [19/Jan/2012:19:27:56 +0000] "GET / HTTP/1.0" 200 9134 "http://svaty.tv/" "Mozilla/4.0 (compatible; MSIE 6.0; Windows NT 5.1; SV1)"
178.137.5.105 - - [19/Jan/2012:19:27:59 +0000] "GET / HTTP/1.0" 200 9134 "http://svaty.tv/" "Mozilla/4.0 (compatible; MSIE 5.0; Windows NT; DigExt)"
193.106.136.34 - - [20/Jan/2012:00:58:14 +0000] "GET / HTTP/1.0" 200 9134 "http://club-amur.ru/" "Opera/8.00 (Windows NT 5.1; U; en)"
193.106.136.34 - - [20/Jan/2012:00:58:14 +0000] "GET / HTTP/1.0" 200 9134 "http://club-amur.ru/" "Mozilla/4.0 (compatible; MSIE 6.0; Windows NT 5.1)"
193.106.136.34 - - [20/Jan/2012:00:58:15 +0000] "GET / HTTP/1.0" 200 9134 "http://club-amur.ru/" "Mozilla/4.0 (compatible; MSIE 6.0; Windows NT 5.2; Win64; x64; SV1; .NET CLR 2.0.50727)"
66.249.72.219 - - [20/Jan/2012:10:47:17 +0000] "GET /robots.txt HTTP/1.1" 404 208 "-" "Mozilla/5.0 (compatible; Googlebot/2.1; +http://www.google.com/bot.html)"
66.249.72.219 - - [20/Jan/2012:10:47:18 +0000] "GET / HTTP/1.1" 200 9134 "-" "Mozilla/5.0 (compatible; Googlebot/2.1; +http://www.google.com/bot.html)"
92.249.127.111 - - [20/Jan/2012:13:10:40 +0000] "GET / HTTP/1.1" 200 9134 "http://www.kakprosto.ru/" "portalmmm/2.0 G410i(c10;TB)"
92.249.127.111 - - [20/Jan/2012:13:10:41 +0000] "GET / HTTP/1.1" 200 9134 "http://www.kakprosto.ru/" "portalmmm/2.0 G410i(c10;TB)"
92.249.127.111 - - [20/Jan/2012:13:10:42 +0000] "GET / HTTP/1.1" 200 9134 "http://www.kakprosto.ru/" "portalmmm/2.0 G410i(c10;TB)"
193.106.136.58 - - [20/Jan/2012:14:05:28 +0000] "GET / HTTP/1.0" 200 9134 "http://femalesport.ru/" "Mozilla/4.0 (compatible; MSIE 6.0; Windows NT 5.1; SV1; FunWebProducts; .NET CLR 1.1.4322; PeoplePal 6.2)"
193.106.136.58 - - [20/Jan/2012:14:05:29 +0000] "GET / HTTP/1.0" 200 9134 "http://femalesport.ru/" "Mozilla/4.76 [en] (Windows NT 5.0; U)"
193.106.136.58 - - [20/Jan/2012:14:05:29 +0000] "GET / HTTP/1.0" 200 9134 "http://femalesport.ru/" "Mozilla/4.0 (compatible; MSIE 6.0; Windows ME) Opera 7.11 [en]"
213.110.133.221 - - [21/Jan/2012:00:41:13 +0000] "GET / HTTP/1.1" 200 9134 "http://nika-obuv.ru/" "\xef\xbb\xbfMozilla/5.0 (compatible; Googlebot/2.1; +http://www.google.com/bot.html)"
213.110.133.221 - - [21/Jan/2012:00:41:14 +0000] "GET / HTTP/1.1" 200 9134 "http://nika-obuv.ru/" "\xef\xbb\xbfMozilla/5.0 (compatible; Googlebot/2.1; +http://www.google.com/bot.html)"
109.120.157.179 - - [21/Jan/2012:00:54:20 +0000] "GET / HTTP/1.1" 200 9134 "http://kinodivan.net/" "MOT-V500/0B.09.37R MIB/2.2 Profile/MIDP-2.0 Configuration/CLDC-1.0"
109.120.157.179 - - [21/Jan/2012:00:54:21 +0000] "GET / HTTP/1.1" 200 9134 "http://kinodivan.net/" "MOT-V500/0B.09.37R MIB/2.2 Profile/MIDP-2.0 Configuration/CLDC-1.0"
109.120.157.179 - - [21/Jan/2012:00:54:21 +0000] "GET / HTTP/1.1" 200 9134 "http://kinodivan.net/" "MOT-V500/0B.09.37R MIB/2.2 Profile/MIDP-2.0 Configuration/CLDC-1.0"
220.181.108.85 - - [21/Jan/2012:10:41:41 +0000] "GET / HTTP/1.1" 304 - "-" "Mozilla/5.0 (compatible; Baiduspider/2.0; +http://www.baidu.com/search/spider.html)"
193.106.136.57 - - [21/Jan/2012:12:19:06 +0000] "GET / HTTP/1.0" 200 9134 "http://sexymagazin.ru/" "Mozilla/5.0 (compatible; Googlebot/2.1; +http://www.google.com/bot.html)"
193.106.136.57 - - [21/Jan/2012:12:19:06 +0000] "GET / HTTP/1.0" 200 9134 "http://sexymagazin.ru/" "Mozilla/5.0 (compatible; Googlebot/2.1; +http://www.google.com/bot.html)"
193.106.136.57 - - [21/Jan/2012:12:19:06 +0000] "GET / HTTP/1.0" 200 9134 "http://sexymagazin.ru/" "Mozilla/5.0 (compatible; Googlebot/2.1; +http://www.google.com/bot.html)"
92.39.50.13 - - [21/Jan/2012:19:51:36 +0000] "GET /wp-login.php HTTP/1.0" 404 210 "-" "-"
92.249.127.111 - - [21/Jan/2012:22:33:40 +0000] "GET / HTTP/1.1" 200 9134 "http://www.kakprosto.ru/" "\xef\xbb\xbfMozilla/5.0 (compatible; Googlebot/2.1; +http://www.google.com/bot.html)"
92.249.127.111 - - [21/Jan/2012:22:33:41 +0000] "GET / HTTP/1.1" 200 9134 "http://www.kakprosto.ru/" "\xef\xbb\xbfMozilla/5.0 (compatible; Googlebot/2.1; +http://www.google.com/bot.html)"
92.249.127.111 - - [21/Jan/2012:22:33:42 +0000] "GET / HTTP/1.1" 200 9134 "http://www.kakprosto.ru/" "\xef\xbb\xbfMozilla/5.0 (compatible; Googlebot/2.1; +http://www.google.com/bot.html)"
109.120.157.179 - - [22/Jan/2012:08:24:30 +0000] "GET / HTTP/1.1" 200 9134 "http://1admiral.com/" "SAGEM-my600x/1.0 Profile/MIDP-2.0 Configuration/CLDC-1.1"
109.120.157.179 - - [22/Jan/2012:08:24:31 +0000] "GET / HTTP/1.1" 200 9134 "http://1admiral.com/" "SAGEM-my600x/1.0 Profile/MIDP-2.0 Configuration/CLDC-1.1"
109.120.157.179 - - [22/Jan/2012:08:24:31 +0000] "GET / HTTP/1.1" 200 9134 "http://1admiral.com/" "SAGEM-my600x/1.0 Profile/MIDP-2.0 Configuration/CLDC-1.1"
193.106.136.57 - - [22/Jan/2012:08:51:11 +0000] "GET / HTTP/1.0" 200 9134 "http://krasnoxolm.ru/" "Mozilla/5.0 (compatible; Googlebot/2.1; +http://www.google.com/bot.html)"
193.106.136.57 - - [22/Jan/2012:08:51:12 +0000] "GET / HTTP/1.0" 200 9134 "http://krasnoxolm.ru/" "Mozilla/5.0 (compatible; Googlebot/2.1; +http://www.google.com/bot.html)"
193.106.136.57 - - [22/Jan/2012:08:51:13 +0000] "GET / HTTP/1.0" 200 9134 "http://krasnoxolm.ru/" "Mozilla/5.0 (compatible; Googlebot/2.1; +http://www.google.com/bot.html)"
213.110.133.221 - - [22/Jan/2012:13:52:55 +0000] "GET / HTTP/1.1" 200 9134 "http://www.prodetey.ru/" "\xef\xbb\xbfMozilla/5.0 (compatible; Googlebot/2.1; +http://www.google.com/bot.html)"
213.110.133.221 - - [22/Jan/2012:13:52:56 +0000] "GET / HTTP/1.1" 200 9134 "http://www.prodetey.ru/" "\xef\xbb\xbfMozilla/5.0 (compatible; Googlebot/2.1; +http://www.google.com/bot.html)"
193.106.136.57 - - [22/Jan/2012:17:04:14 +0000] "GET / HTTP/1.0" 200 9134 "http://apanic.ru/" "Mozilla/5.0 (compatible; Googlebot/2.1; +http://www.google.com/bot.html)"
193.106.136.57 - - [22/Jan/2012:17:04:14 +0000] "GET / HTTP/1.0" 200 9134 "http://apanic.ru/" "Mozilla/5.0 (compatible; Googlebot/2.1; +http://www.google.com/bot.html)"
193.106.136.57 - - [22/Jan/2012:17:04:14 +0000] "GET / HTTP/1.0" 200 9134 "http://apanic.ru/" "Mozilla/5.0 (compatible; Googlebot/2.1; +http://www.google.com/bot.html)"
78.29.15.137 - - [22/Jan/2012:20:16:05 +0000] "POST /wp-login.php HTTP/1.1" 404 210 "-" "-"
178.137.5.105 - - [23/Jan/2012:05:39:07 +0000] "GET / HTTP/1.0" 200 9134 "http://www.otvetnemail.ru/forumdisplay.php?f=832" "Mozilla/4.0 (compatible; MSIE 6.0; MSIE 5.5; Windows NT 4.0) Opera 7.0 [en]"
178.137.5.105 - - [23/Jan/2012:05:39:07 +0000] "GET / HTTP/1.0" 200 9134 "http://www.otvetnemail.ru/forumdisplay.php?f=832" "Mozilla/4.0 (compatible; MSIE 6.0; AOL 9.0; Windows NT 5.1)"
178.137.5.105 - - [23/Jan/2012:05:39:09 +0000] "GET / HTTP/1.0" 200 9134 "http://www.otvetnemail.ru/forumdisplay.php?f=832" "Mozilla/4.0 (compatible; MSIE 4.01; Digital AlphaServer 1000A 4/233; Windows NT; Powered By 64-Bit Alpha Processor)"
92.249.127.111 - - [23/Jan/2012:05:59:58 +0000] "GET / HTTP/1.1" 200 9134 "http://excel2010.ru/" "\xef\xbb\xbfMozilla/5.0 (compatible; Googlebot/2.1; +http://www.google.com/bot.html)"
92.249.127.111 - - [23/Jan/2012:05:59:59 +0000] "GET / HTTP/1.1" 200 9134 "http://excel2010.ru/" "\xef\xbb\xbfMozilla/5.0 (compatible; Googlebot/2.1; +http://www.google.com/bot.html)"
92.249.127.111 - - [23/Jan/2012:05:59:59 +0000] "GET / HTTP/1.1" 200 9134 "http://excel2010.ru/" "\xef\xbb\xbfMozilla/5.0 (compatible; Googlebot/2.1; +http://www.google.com/bot.html)"
66.249.71.99 - - [23/Jan/2012:10:42:54 +0000] "GET /robots.txt HTTP/1.1" 404 208 "-" "Mozilla/5.0 (compatible; Googlebot/2.1; +http://www.google.com/bot.html)"
66.249.71.99 - - [23/Jan/2012:10:42:54 +0000] "GET / HTTP/1.1" 200 9134 "-" "Mozilla/5.0 (compatible; Googlebot/2.1; +http://www.google.com/bot.html)"
178.137.5.105 - - [23/Jan/2012:16:23:15 +0000] "GET / HTTP/1.0" 200 9134 "http://svaty.tv/" "Mozilla/4.0 (compatible; MSIE 6.0; Windows NT 5.0; APC; .NET CLR 1.0.3705; .NET CLR 1.1.4322; .NET CLR 2.0.50215; InfoPath.1)"
178.137.5.105 - - [23/Jan/2012:16:23:25 +0000] "GET / HTTP/1.0" 200 9134 "http://svaty.tv/" "Mozilla/4.0 (compatible; MSIE 5.5; Windows NT 5.0; .NET CLR 1.1.4322)"
178.137.5.105 - - [23/Jan/2012:16:23:25 +0000] "GET / HTTP/1.0" 200 9134 "http://svaty.tv/" "Mozilla/4.0 (compatible; MSIE 6.0; Windows NT 5.1; SV1)"
178.137.5.105 - - [23/Jan/2012:17:03:04 +0000] "GET / HTTP/1.0" 200 9134 "http://parazitpro.ru/" "Mozilla/4.0 (compatible; MSIE 6.0; Windows NT 5.1; SV1; MRA 4.6 (build 01425); MRSPUTNIK 1, 5, 0, 19 SW)"
178.137.5.105 - - [23/Jan/2012:17:03:04 +0000] "GET / HTTP/1.0" 200 9134 "http://parazitpro.ru/" "Mozilla/4.7 (compatible; OffByOne; Windows 2000) Webster Pro V3.4"
178.137.5.105 - - [23/Jan/2012:17:03:04 +0000] "GET / HTTP/1.0" 200 9134 "http://parazitpro.ru/" "Mozilla/4.0 (compatible; MSIE 6.0; Windows NT 5.1; TheFreeDictionary.com; .NET CLR 1.1.4322; .NET CLR 1.0.3705; .NET CLR 2.0.50727)"
81.232.75.31 - - [24/Jan/2012:02:22:22 +0000] "GET /plugins/editors/tinymce/jscripts/tiny_mce/plugins/tinybrowser/upload.php HTTP/1.0" 404 270 "-" "Mozilla/5.0 (Windows; U; Windows NT 6.1; en; rv:1.9.2.13) Gecko/20101203 Firefox/3.6.13"
92.249.127.111 - - [24/Jan/2012:12:50:52 +0000] "GET / HTTP/1.1" 200 9134 "http://spbchampionat.ru/" "\xef\xbb\xbfMozilla/5.0 (compatible; Googlebot/2.1; +http://www.google.com/bot.html)"
92.249.127.111 - - [24/Jan/2012:12:50:52 +0000] "GET / HTTP/1.1" 200 9134 "http://spbchampionat.ru/" "\xef\xbb\xbfMozilla/5.0 (compatible; Googlebot/2.1; +http://www.google.com/bot.html)"
92.249.127.111 - - [24/Jan/2012:12:50:53 +0000] "GET / HTTP/1.1" 200 9134 "http://spbchampionat.ru/" "\xef\xbb\xbfMozilla/5.0 (compatible; Googlebot/2.1; +http://www.google.com/bot.html)"
193.106.136.60 - - [24/Jan/2012:13:19:09 +0000] "GET / HTTP/1.0" 200 9134 "http://sexymagazin.ru/" "Mozilla/5.0 (compatible; Googlebot/2.1; +http://www.google.com/bot.html)"
193.106.136.60 - - [24/Jan/2012:13:19:09 +0000] "GET / HTTP/1.0" 200 9134 "http://sexymagazin.ru/" "Mozilla/5.0 (compatible; Googlebot/2.1; +http://www.google.com/bot.html)"
193.106.136.60 - - [24/Jan/2012:13:19:11 +0000] "GET / HTTP/1.0" 200 9134 "http://sexymagazin.ru/" "Mozilla/5.0 (compatible; Googlebot/2.1; +http://www.google.com/bot.html)"
213.110.133.221 - - [24/Jan/2012:17:55:28 +0000] "GET / HTTP/1.1" 200 9134 "http://vampirok.tv/" "\xef\xbb\xbfMozilla/5.0 (compatible; Googlebot/2.1; +http://www.google.com/bot.html)"
213.110.133.221 - - [24/Jan/2012:17:55:29 +0000] "GET / HTTP/1.1" 200 9134 "http://vampirok.tv/" "\xef\xbb\xbfMozilla/5.0 (compatible; Googlebot/2.1; +http://www.google.com/bot.html)"
109.120.157.179 - - [25/Jan/2012:07:19:04 +0000] "GET / HTTP/1.1" 200 9134 "http://vampira.ru/" "SAGEM-myC5-2v/1.0 UP.Browser/6.2.3.3.g.2.105 (GUI) MMP/2.0"
109.120.157.179 - - [25/Jan/2012:07:19:04 +0000] "GET / HTTP/1.1" 200 9134 "http://vampira.ru/" "SAGEM-myC5-2v/1.0 UP.Browser/6.2.3.3.g.2.105 (GUI) MMP/2.0"
109.120.157.179 - - [25/Jan/2012:07:19:05 +0000] "GET / HTTP/1.1" 200 9134 "http://vampira.ru/" "SAGEM-myC5-2v/1.0 UP.Browser/6.2.3.3.g.2.105 (GUI) MMP/2.0"
193.106.136.60 - - [25/Jan/2012:09:58:24 +0000] "GET / HTTP/1.0" 200 9134 "http://zel-klimat.ru/" "Mozilla/5.0 (compatible; Googlebot/2.1; +http://www.google.com/bot.html)"
193.106.136.60 - - [25/Jan/2012:09:58:24 +0000] "GET / HTTP/1.0" 200 9134 "http://zel-klimat.ru/" "Mozilla/5.0 (compatible; Googlebot/2.1; +http://www.google.com/bot.html)"
193.106.136.60 - - [25/Jan/2012:09:58:24 +0000] "GET / HTTP/1.0" 200 9134 "http://zel-klimat.ru/" "Mozilla/5.0 (compatible; Googlebot/2.1; +http://www.google.com/bot.html)"
92.249.127.111 - - [25/Jan/2012:20:30:17 +0000] "GET / HTTP/1.1" 200 9134 "http://allbilliard.net/" "\xef\xbb\xbfMozilla/5.0 (compatible; Googlebot/2.1; +http://www.google.com/bot.html)"
92.249.127.111 - - [25/Jan/2012:20:30:18 +0000] "GET / HTTP/1.1" 200 9134 "http://allbilliard.net/" "\xef\xbb\xbfMozilla/5.0 (compatible; Googlebot/2.1; +http://www.google.com/bot.html)"
92.249.127.111 - - [25/Jan/2012:20:30:19 +0000] "GET / HTTP/1.1" 200 9134 "http://allbilliard.net/" "\xef\xbb\xbfMozilla/5.0 (compatible; Googlebot/2.1; +http://www.google.com/bot.html)"
220.181.108.83 - - [26/Jan/2012:04:50:21 +0000] "GET / HTTP/1.1" 304 - "-" "Mozilla/5.0 (compatible; Baiduspider/2.0; +http://www.baidu.com/search/spider.html)"
178.137.5.105 - - [26/Jan/2012:08:56:42 +0000] "GET / HTTP/1.0" 200 9134 "http://parazitpro.ru/" "Mozilla/4.0 (compatible; MSIE 6.0; Windows NT 5.1; SV1; MRA 4.6 (build 01425); MRSPUTNIK 1, 5, 0, 19 SW)"
178.137.5.105 - - [26/Jan/2012:08:56:42 +0000] "GET / HTTP/1.0" 200 9134 "http://parazitpro.ru/" "Mozilla/4.0 (compatible; MSIE 5.5; Windows 95; BCD2000)"
178.137.5.105 - - [26/Jan/2012:08:56:42 +0000] "GET / HTTP/1.0" 200 9134 "http://parazitpro.ru/" "Mozilla/4.0 (compatible; MSIE 6.0; Windows NT 5.1; SV1; Media Center PC"
193.106.136.56 - - [26/Jan/2012:10:31:33 +0000] "GET / HTTP/1.0" 200 9134 "http://sexymagazin.ru/" "Mozilla/4.0 (compatible; MSIE 5.5; Windows NT 5.0)"
193.106.136.56 - - [26/Jan/2012:10:31:33 +0000] "GET / HTTP/1.0" 200 9134 "http://sexymagazin.ru/" "Mozilla/4.0 (compatible; MSIE 5.0; Windows 95) Opera 6.01 [en]"
193.106.136.56 - - [26/Jan/2012:10:31:33 +0000] "GET / HTTP/1.0" 200 9134 "http://sexymagazin.ru/" "Mozilla/4.0 (compatible; MSIE 6.0; Windows NT 5.1)"
66.249.71.99 - - [26/Jan/2012:11:05:57 +0000] "GET /robots.txt HTTP/1.1" 404 208 "-" "Mozilla/5.0 (compatible; Googlebot/2.1; +http://www.google.com/bot.html)"
66.249.71.99 - - [26/Jan/2012:11:05:57 +0000] "GET / HTTP/1.1" 200 9134 "-" "Mozilla/5.0 (compatible; Googlebot/2.1; +http://www.google.com/bot.html)"
193.106.136.56 - - [26/Jan/2012:14:08:43 +0000] "GET / HTTP/1.0" 200 9134 "http://vlirt.ru/" "Mozilla/5.0 (compatible; Googlebot/2.1; +http://www.google.com/bot.html)"
193.106.136.56 - - [26/Jan/2012:14:08:43 +0000] "GET / HTTP/1.0" 200 9134 "http://vlirt.ru/" "Mozilla/5.0 (compatible; Googlebot/2.1; +http://www.google.com/bot.html)"
193.106.136.56 - - [26/Jan/2012:14:08:43 +0000] "GET / HTTP/1.0" 200 9134 "http://vlirt.ru/" "Mozilla/5.0 (compatible; Googlebot/2.1; +http://www.google.com/bot.html)"
180.76.5.88 - - [26/Jan/2012:19:53:17 +0000] "GET /robots.txt HTTP/1.1" 404 208 "-" "Baiduspider+(+http://www.baidu.com/search/spider.htm)"
109.120.157.179 - - [26/Jan/2012:22:11:45 +0000] "GET / HTTP/1.1" 200 9134 "http://kinodivan.net/" "Mozilla/5.0 (compatible; Googlebot/2.1; +http://www.google.com/bot.html)"
109.120.157.179 - - [26/Jan/2012:22:11:45 +0000] "GET / HTTP/1.1" 200 9134 "http://kinodivan.net/" "Mozilla/5.0 (compatible; Googlebot/2.1; +http://www.google.com/bot.html)"
109.120.157.179 - - [26/Jan/2012:22:11:46 +0000] "GET / HTTP/1.1" 200 9134 "http://kinodivan.net/" "Mozilla/5.0 (compatible; Googlebot/2.1; +http://www.google.com/bot.html)"
92.249.127.111 - - [26/Jan/2012:23:02:57 +0000] "GET / HTTP/1.1" 200 9134 "http://excel2010.ru/" "\xef\xbb\xbfMozilla/5.0 (compatible; Googlebot/2.1; +http://www.google.com/bot.html)"
92.249.127.111 - - [26/Jan/2012:23:02:58 +0000] "GET / HTTP/1.1" 200 9134 "http://excel2010.ru/" "\xef\xbb\xbfMozilla/5.0 (compatible; Googlebot/2.1; +http://www.google.com/bot.html)"
92.249.127.111 - - [26/Jan/2012:23:02:58 +0000] "GET / HTTP/1.1" 200 9134 "http://excel2010.ru/" "\xef\xbb\xbfMozilla/5.0 (compatible; Googlebot/2.1; +http://www.google.com/bot.html)"
220.181.108.150 - - [27/Jan/2012:07:05:46 +0000] "GET / HTTP/1.1" 304 - "-" "Mozilla/5.0 (compatible; Baiduspider/2.0; +http://www.baidu.com/search/spider.html)"
213.110.133.221 - - [27/Jan/2012:13:46:45 +0000] "GET / HTTP/1.1" 200 9134 "http://vampirok.tv/" "\xef\xbb\xbfMozilla/5.0 (compatible; Googlebot/2.1; +http://www.google.com/bot.html)"
213.110.133.221 - - [27/Jan/2012:13:46:45 +0000] "GET / HTTP/1.1" 200 9134 "http://vampirok.tv/" "\xef\xbb\xbfMozilla/5.0 (compatible; Googlebot/2.1; +http://www.google.com/bot.html)"
193.106.136.63 - - [27/Jan/2012:22:38:42 +0000] "GET / HTTP/1.0" 200 9134 "http://www.city-connect.ru/" "Mozilla/5.0 (compatible; Googlebot/2.1; +http://www.google.com/bot.html)"
193.106.136.63 - - [27/Jan/2012:22:38:42 +0000] "GET / HTTP/1.0" 200 9134 "http://www.city-connect.ru/" "Mozilla/5.0 (compatible; Googlebot/2.1; +http://www.google.com/bot.html)"
193.106.136.63 - - [27/Jan/2012:22:38:44 +0000] "GET / HTTP/1.0" 200 9134 "http://www.city-connect.ru/" "Mozilla/5.0 (compatible; Googlebot/2.1; +http://www.google.com/bot.html)"
92.39.50.11 - - [27/Jan/2012:23:42:33 +0000] "GET /wp-login.php HTTP/1.0" 404 210 "-" "-"
92.249.127.111 - - [28/Jan/2012:05:49:28 +0000] "GET / HTTP/1.1" 200 9134 "http://footballtennis.ru/" "\xef\xbb\xbfMozilla/5.0 (compatible; Googlebot/2.1; +http://www.google.com/bot.html)"
92.249.127.111 - - [28/Jan/2012:05:49:29 +0000] "GET / HTTP/1.1" 200 9134 "http://footballtennis.ru/" "\xef\xbb\xbfMozilla/5.0 (compatible; Googlebot/2.1; +http://www.google.com/bot.html)"
92.249.127.111 - - [28/Jan/2012:05:49:29 +0000] "GET / HTTP/1.1" 200 9134 "http://footballtennis.ru/" "\xef\xbb\xbfMozilla/5.0 (compatible; Googlebot/2.1; +http://www.google.com/bot.html)"
109.120.157.179 - - [28/Jan/2012:08:08:57 +0000] "GET / HTTP/1.1" 200 9134 "http://1admiral.com/" "Mozilla/5.0 (compatible; Googlebot/2.1; +http://www.google.com/bot.html)"
109.120.157.179 - - [28/Jan/2012:08:08:57 +0000] "GET / HTTP/1.1" 200 9134 "http://1admiral.com/" "Mozilla/5.0 (compatible; Googlebot/2.1; +http://www.google.com/bot.html)"
109.120.157.179 - - [28/Jan/2012:08:08:58 +0000] "GET / HTTP/1.1" 200 9134 "http://1admiral.com/" "Mozilla/5.0 (compatible; Googlebot/2.1; +http://www.google.com/bot.html)"
72.9.105.66 - - [28/Jan/2012:09:09:38 +0000] "GET /phpmyadmin/scripts/setup.php HTTP/1.0" 404 226 "aughtonpudding.com/phpmyadmin/scripts/setup.php" "Mozilla/4.0 (compatible; MSIE 6.0; Windows 98; Win 9x 4.90)"
178.137.5.105 - - [28/Jan/2012:10:49:12 +0000] "GET / HTTP/1.0" 200 9134 "http://hotelist.spb.ru/" "Opera/9.00 (Windows NT 5.1; U; en)"
178.137.5.105 - - [28/Jan/2012:10:49:12 +0000] "GET / HTTP/1.0" 200 9134 "http://hotelist.spb.ru/" "Mozilla/4.0 (compatible; MSIE 6.0; Windows NT 5.1; ru) Opera 8.01"
178.137.5.105 - - [28/Jan/2012:10:49:13 +0000] "GET / HTTP/1.0" 200 9134 "http://hotelist.spb.ru/" "Mozilla/4.0 (compatible; MSIE 6.0; Windows NT 5.2; Win64; x64; SV1; .NET CLR 2.0.50727)"
178.137.5.105 - - [29/Jan/2012:04:19:28 +0000] "GET / HTTP/1.0" 200 9134 "http://cable-rzn.ru/" "Mozilla/4.0 (compatible; MSIE 6.0; Update a; AOL 6.0; Windows 98)"
178.137.5.105 - - [29/Jan/2012:04:19:30 +0000] "GET / HTTP/1.0" 200 9134 "http://cable-rzn.ru/" "Mozilla/2.0 (compatible; MSIE 3.02; Windows CE; 240x320)"
178.137.5.105 - - [29/Jan/2012:04:19:32 +0000] "GET / HTTP/1.0" 200 9134 "http://cable-rzn.ru/" "Mozilla/4.0 (compatible; MSIE 6.0; Windows NT 5.1; SV1)"
213.110.133.221 - - [29/Jan/2012:04:39:31 +0000] "GET / HTTP/1.1" 200 9134 "http://invideo.in/" "\xef\xbb\xbfMozilla/5.0 (compatible; Googlebot/2.1; +http://www.google.com/bot.html)"
213.110.133.221 - - [29/Jan/2012:04:39:32 +0000] "GET / HTTP/1.1" 200 9134 "http://invideo.in/" "\xef\xbb\xbfMozilla/5.0 (compatible; Googlebot/2.1; +http://www.google.com/bot.html)"
220.181.108.181 - - [29/Jan/2012:07:38:27 +0000] "GET / HTTP/1.1" 304 - "-" "Mozilla/5.0 (compatible; Baiduspider/2.0; +http://www.baidu.com/search/spider.html)"
180.76.5.93 - - [29/Jan/2012:09:27:22 +0000] "GET /style.css HTTP/1.1" 200 23026 "-" "Mozilla/5.0 (compatible; Baiduspider/2.0; +http://www.baidu.com/search/spider.html)"
66.249.71.99 - - [29/Jan/2012:11:19:24 +0000] "GET /robots.txt HTTP/1.1" 404 208 "-" "Mozilla/5.0 (compatible; Googlebot/2.1; +http://www.google.com/bot.html)"
66.249.71.99 - - [29/Jan/2012:11:19:24 +0000] "GET / HTTP/1.1" 200 9134 "-" "Mozilla/5.0 (compatible; Googlebot/2.1; +http://www.google.com/bot.html)"
92.249.127.111 - - [29/Jan/2012:11:35:55 +0000] "GET / HTTP/1.1" 200 9134 "http://allbilliard.net/" "\xef\xbb\xbfMozilla/5.0 (compatible; Googlebot/2.1; +http://www.google.com/bot.html)"
92.249.127.111 - - [29/Jan/2012:11:35:56 +0000] "GET / HTTP/1.1" 200 9134 "http://allbilliard.net/" "\xef\xbb\xbfMozilla/5.0 (compatible; Googlebot/2.1; +http://www.google.com/bot.html)"
92.249.127.111 - - [29/Jan/2012:11:35:57 +0000] "GET / HTTP/1.1" 200 9134 "http://allbilliard.net/" "\xef\xbb\xbfMozilla/5.0 (compatible; Googlebot/2.1; +http://www.google.com/bot.html)"
109.120.157.179 - - [29/Jan/2012:15:56:38 +0000] "GET / HTTP/1.1" 200 9134 "http://1admiral.com/" "Mozilla/5.0 (compatible; Googlebot/2.1; +http://www.google.com/bot.html)"
109.120.157.179 - - [29/Jan/2012:15:56:38 +0000] "GET / HTTP/1.1" 200 9134 "http://1admiral.com/" "Mozilla/5.0 (compatible; Googlebot/2.1; +http://www.google.com/bot.html)"
109.120.157.179 - - [29/Jan/2012:15:56:38 +0000] "GET / HTTP/1.1" 200 9134 "http://1admiral.com/" "Mozilla/5.0 (compatible; Googlebot/2.1; +http://www.google.com/bot.html)"
178.137.5.105 - - [29/Jan/2012:18:57:17 +0000] "GET / HTTP/1.0" 200 9134 "http://www.otvetnemail.ru/forumdisplay.php?f=832" "Mozilla/4.0 (compatible; MSIE 6.0; Windows NT 5.1; en) Opera 8.00"
178.137.5.105 - - [29/Jan/2012:18:57:17 +0000] "GET / HTTP/1.0" 200 9134 "http://www.otvetnemail.ru/forumdisplay.php?f=832" "Mozilla/4.0 (compatible; MSIE 6.0; Windows NT 5.2; Win64; AMD64)"
178.137.5.105 - - [29/Jan/2012:18:57:19 +0000] "GET / HTTP/1.0" 200 9134 "http://www.otvetnemail.ru/forumdisplay.php?f=832" "Mozilla/4.0 (compatible; MSIE 6.0; Windows NT 5.1; TheFreeDictionary.com; .NET CLR 1.1.4322; .NET CLR 1.0.3705; .NET CLR 2.0.50727)"
65.52.110.191 - - [29/Jan/2012:19:33:21 +0000] "GET /robots.txt HTTP/1.1" 404 208 "-" "Mozilla/5.0 (compatible; bingbot/2.0; +http://www.bing.com/bingbot.htm)"
220.181.108.173 - - [30/Jan/2012:08:13:49 +0000] "GET / HTTP/1.1" 304 - "-" "Mozilla/5.0 (compatible; Baiduspider/2.0; +http://www.baidu.com/search/spider.html)"
193.106.136.59 - - [30/Jan/2012:12:47:17 +0000] "GET / HTTP/1.0" 200 9134 "http://sexymagazin.ru/" "Mozilla/4.0 (compatible; MSIE 6.0; Windows NT 5.2; Win64; x64; SV1; .NET CLR 2.0.50727)"
193.106.136.59 - - [30/Jan/2012:12:47:18 +0000] "GET / HTTP/1.0" 200 9134 "http://sexymagazin.ru/" "Mozilla/4.0 (compatible; MSIE 6.0; MSIE 5.5; Windows NT 4.0) Opera 7.0 [en]"
193.106.136.59 - - [30/Jan/2012:12:47:19 +0000] "GET / HTTP/1.0" 200 9134 "http://sexymagazin.ru/" "Mozilla/4.0 (compatible- MSIE 6.0- Windows NT 5.1- SV1- .NET CLR 1.1.4322"
193.106.136.59 - - [30/Jan/2012:17:13:25 +0000] "GET / HTTP/1.0" 200 9134 "http://vlirt.ru/" "Mozilla/5.0 (compatible; Googlebot/2.1; +http://www.google.com/bot.html)"
193.106.136.59 - - [30/Jan/2012:17:13:25 +0000] "GET / HTTP/1.0" 200 9134 "http://vlirt.ru/" "Mozilla/5.0 (compatible; Googlebot/2.1; +http://www.google.com/bot.html)"
193.106.136.59 - - [30/Jan/2012:17:13:26 +0000] "GET / HTTP/1.0" 200 9134 "http://vlirt.ru/" "Mozilla/5.0 (compatible; Googlebot/2.1; +http://www.google.com/bot.html)"
92.249.127.111 - - [30/Jan/2012:17:24:43 +0000] "GET / HTTP/1.1" 200 9134 "http://vampira.ru/" "\xef\xbb\xbfMozilla/5.0 (compatible; Googlebot/2.1; +http://www.google.com/bot.html)"
92.249.127.111 - - [30/Jan/2012:17:24:44 +0000] "GET / HTTP/1.1" 200 9134 "http://vampira.ru/" "\xef\xbb\xbfMozilla/5.0 (compatible; Googlebot/2.1; +http://www.google.com/bot.html)"
92.249.127.111 - - [30/Jan/2012:17:24:45 +0000] "GET / HTTP/1.1" 200 9134 "http://vampira.ru/" "\xef\xbb\xbfMozilla/5.0 (compatible; Googlebot/2.1; +http://www.google.com/bot.html)"
213.110.133.221 - - [30/Jan/2012:19:45:42 +0000] "GET / HTTP/1.1" 200 9134 "http://vampirok.tv/" "\xef\xbb\xbfMozilla/5.0 (compatible; Googlebot/2.1; +http://www.google.com/bot.html)"
213.110.133.221 - - [30/Jan/2012:19:45:43 +0000] "GET / HTTP/1.1" 200 9134 "http://vampirok.tv/" "\xef\xbb\xbfMozilla/5.0 (compatible; Googlebot/2.1; +http://www.google.com/bot.html)"
173.242.125.206 - - [30/Jan/2012:21:03:54 +0000] "GET /robots.txt HTTP/1.0" 404 208 "-" "Mozilla/5.0 (compatible; MJ12bot/v1.4.1; http://www.majestic12.co.uk/bot.php?+)"
173.242.125.206 - - [30/Jan/2012:21:03:55 +0000] "GET / HTTP/1.0" 200 9134 "-" "Mozilla/5.0 (compatible; MJ12bot/v1.4.1; http://www.majestic12.co.uk/bot.php?+)"
178.137.129.27 - - [30/Jan/2012:22:29:37 +0000] "GET / HTTP/1.0" 200 9134 "http://parazitpro.ru/" "Mozilla/4.0 (compatible; MSIE 6.0; Windows NT 5.1; SV1; .NET CLR 1.1.4322; .NET CLR 2.0.50727)"
178.137.129.27 - - [30/Jan/2012:22:29:40 +0000] "GET / HTTP/1.0" 200 9134 "http://parazitpro.ru/" "Mozilla/4.0 (compatible; MSIE 6.0; AOL 9.0; Windows NT 5.1)"
178.137.129.27 - - [30/Jan/2012:22:29:43 +0000] "GET / HTTP/1.0" 200 9134 "http://parazitpro.ru/" "Mozilla/4.0 (compatible; MSIE 6.0; Windows NT 5.1; .NET CLR 1.1.4322; Alexa Toolbar; (R1 1.5))"
109.120.157.179 - - [31/Jan/2012:00:52:36 +0000] "GET / HTTP/1.1" 200 9134 "http://1admiral.com/" "Mozilla/5.0 (compatible; Googlebot/2.1; +http://www.google.com/bot.html)"
109.120.157.179 - - [31/Jan/2012:00:52:37 +0000] "GET / HTTP/1.1" 200 9134 "http://1admiral.com/" "Mozilla/5.0 (compatible; Googlebot/2.1; +http://www.google.com/bot.html)"
109.120.157.179 - - [31/Jan/2012:00:52:37 +0000] "GET / HTTP/1.1" 200 9134 "http://1admiral.com/" "Mozilla/5.0 (compatible; Googlebot/2.1; +http://www.google.com/bot.html)"
95.108.151.244 - - [31/Jan/2012:13:21:44 +0000] "GET /robots.txt HTTP/1.1" 404 208 "-" "Mozilla/5.0 (compatible; YandexBot/3.0; +http://yandex.com/bots)"
95.108.151.244 - - [31/Jan/2012:13:21:45 +0000] "GET / HTTP/1.1" 200 9134 "-" "Mozilla/5.0 (compatible; YandexBot/3.0; +http://yandex.com/bots)"
95.108.151.244 - - [31/Jan/2012:13:21:46 +0000] "GET / HTTP/1.1" 200 9134 "-" "Mozilla/5.0 (compatible; YandexBot/3.0; +http://yandex.com/bots)"
92.249.127.111 - - [31/Jan/2012:17:49:30 +0000] "GET / HTTP/1.1" 200 9134 "http://foodluck.ru/" "\xef\xbb\xbfMozilla/5.0 (compatible; Googlebot/2.1; +http://www.google.com/bot.html)"
92.249.127.111 - - [31/Jan/2012:17:49:30 +0000] "GET / HTTP/1.1" 200 9134 "http://foodluck.ru/" "\xef\xbb\xbfMozilla/5.0 (compatible; Googlebot/2.1; +http://www.google.com/bot.html)"