87.250.252.241 - - [19/Jan/2012:11:06:08 +0000] "GET /development-design-project-management HTTP/1.1" 404 235 "-" "Mozilla/5.0 (compatible; YandexBot/3.0; +http://yandex.com/bots)"
87.250.252.241 - - [19/Jan/2012:16:19:40 +0000] "GET /oft-probe-outdoor-advertising-market HTTP/1.1" 404 234 "-" "Mozilla/5.0 (compatible; YandexBot/3.0; +http://yandex.com/bots)"
87.250.252.241 - - [19/Jan/2012:18:06:34 +0000] "GET /media-audit-revenue-share-agreements HTTP/1.1" 404 234 "-" "Mozilla/5.0 (compatible; YandexBot/3.0; +http://yandex.com/bots)"
66.249.72.232 - - [19/Jan/2012:19:35:08 +0000] "GET /robots.txt HTTP/1.1" 404 208 "-" "Mozilla/5.0 (compatible; Googlebot/2.1; +http://www.google.com/bot.html)"
66.249.72.232 - - [19/Jan/2012:19:35:08 +0000] "GET /sites/default/files/020908_birmingham_mail.pdf HTTP/1.1" 404 244 "-" "Googlebot/2.1 (+http://www.google.com/bot.html)"
66.249.72.232 - - [20/Jan/2012:05:36:01 +0000] "GET /sites/default/files/April%202010.pdf HTTP/1.1" 404 232 "-" "Googlebot/2.1 (+http://www.google.com/bot.html)"
66.249.72.232 - - [20/Jan/2012:05:36:02 +0000] "GET /sites/default/files/June%202010.pdf HTTP/1.1" 404 231 "-" "Googlebot/2.1 (+http://www.google.com/bot.html)"
66.249.72.232 - - [20/Jan/2012:06:28:49 +0000] "GET /sites/default/files/December%202009.pdf HTTP/1.1" 404 235 "-" "Googlebot/2.1 (+http://www.google.com/bot.html)"
66.249.72.232 - - [20/Jan/2012:06:35:43 +0000] "GET /sites/default/files/January%202011.pdf HTTP/1.1" 404 234 "-" "Googlebot/2.1 (+http://www.google.com/bot.html)"
66.249.72.232 - - [20/Jan/2012:06:41:20 +0000] "GET /sites/default/files/October%202010.pdf HTTP/1.1" 404 234 "-" "Googlebot/2.1 (+http://www.google.com/bot.html)"
66.249.72.232 - - [20/Jan/2012:06:46:08 +0000] "GET /sites/default/files/OFT%20Investigation.pdf HTTP/1.1" 404 239 "-" "Googlebot/2.1 (+http://www.google.com/bot.html)"
66.249.72.232 - - [20/Jan/2012:06:50:37 +0000] "GET /sites/default/files/August%202010.pdf HTTP/1.1" 404 233 "-" "Googlebot/2.1 (+http://www.google.com/bot.html)"
66.249.72.232 - - [20/Jan/2012:06:54:40 +0000] "GET /sites/default/files/November%202010.pdf HTTP/1.1" 404 235 "-" "Googlebot/2.1 (+http://www.google.com/bot.html)"
66.249.72.232 - - [20/Jan/2012:06:56:56 +0000] "GET /sites/default/files/September%202010.pdf HTTP/1.1" 404 236 "-" "Googlebot/2.1 (+http://www.google.com/bot.html)"
66.249.72.232 - - [20/Jan/2012:06:57:15 +0000] "GET /sites/default/files/March%202010.pdf HTTP/1.1" 404 232 "-" "Googlebot/2.1 (+http://www.google.com/bot.html)"
66.249.72.232 - - [20/Jan/2012:07:02:22 +0000] "GET /sites/default/files/290808_birmingham_post.pdf HTTP/1.1" 404 244 "-" "Googlebot/2.1 (+http://www.google.com/bot.html)"
66.249.72.232 - - [20/Jan/2012:07:04:10 +0000] "GET /sites/default/files/January%202010.pdf HTTP/1.1" 404 234 "-" "Googlebot/2.1 (+http://www.google.com/bot.html)"
66.249.72.232 - - [20/Jan/2012:07:18:52 +0000] "GET /sites/default/files/Press%20Release%20AR%20Golf%20Day.pdf HTTP/1.1" 404 247 "-" "Googlebot/2.1 (+http://www.google.com/bot.html)"
66.249.72.232 - - [20/Jan/2012:07:24:16 +0000] "GET /sites/default/files/February%202010.pdf HTTP/1.1" 404 235 "-" "Googlebot/2.1 (+http://www.google.com/bot.html)"
87.250.252.241 - - [20/Jan/2012:08:43:30 +0000] "GET /robots.txt HTTP/1.1" 404 208 "-" "Mozilla/5.0 (compatible; YandexBot/3.0; +http://yandex.com/bots)"
66.249.72.232 - - [20/Jan/2012:09:51:57 +0000] "GET /robots.txt HTTP/1.1" 404 208 "-" "Mozilla/5.0 (compatible; Googlebot/2.1; +http://www.google.com/bot.html)"
66.249.72.232 - - [20/Jan/2012:09:51:57 +0000] "GET / HTTP/1.1" 200 9134 "-" "Mozilla/5.0 (compatible; Googlebot/2.1; +http://www.google.com/bot.html)"
87.250.252.241 - - [20/Jan/2012:10:44:50 +0000] "GET / HTTP/1.1" 200 9134 "-" "Mozilla/5.0 (compatible; YandexBot/3.0; +http://yandex.com/bots)"
87.250.252.241 - - [20/Jan/2012:12:41:17 +0000] "GET /newsletter HTTP/1.1" 404 208 "-" "Mozilla/5.0 (compatible; YandexBot/3.0; +http://yandex.com/bots)"
87.250.252.241 - - [20/Jan/2012:14:46:09 +0000] "GET /valuation-form HTTP/1.1" 404 212 "-" "Mozilla/5.0 (compatible; YandexBot/3.0; +http://yandex.com/bots)"
87.250.252.241 - - [20/Jan/2012:16:58:28 +0000] "GET /west-midlands HTTP/1.1" 404 211 "-" "Mozilla/5.0 (compatible; YandexBot/3.0; +http://yandex.com/bots)"
66.249.71.34 - - [20/Jan/2012:17:35:19 +0000] "GET /robots.txt HTTP/1.1" 404 208 "-" "Mozilla/5.0 (compatible; Googlebot/2.1; +http://www.google.com/bot.html)"
66.249.71.34 - - [20/Jan/2012:17:35:19 +0000] "GET /sites/default/files/TTP%20Brochure%202011.pdf HTTP/1.1" 404 239 "-" "Googlebot/2.1 (+http://www.google.com/bot.html)"
66.249.71.34 - - [20/Jan/2012:17:35:20 +0000] "GET /sites/default/files/Stadium%20Capital%20Holding%20No2%20and%20St%20Marylebone%20Property%20Company%202011_0.PDF HTTP/1.1" 404 291 "-" "Googlebot/2.1 (+http://www.google.com/bot.html)"
87.250.252.241 - - [20/Jan/2012:18:28:34 +0000] "GET /valuation HTTP/1.1" 404 207 "-" "Mozilla/5.0 (compatible; YandexBot/3.0; +http://yandex.com/bots)"
157.55.16.221 - - [20/Jan/2012:20:01:41 +0000] "GET /robots.txt HTTP/1.1" 404 208 "-" "Mozilla/5.0 (compatible; bingbot/2.0; +http://www.bing.com/bingbot.htm)"
87.250.252.241 - - [20/Jan/2012:20:07:03 +0000] "GET /outdoor-media-management HTTP/1.1" 404 222 "-" "Mozilla/5.0 (compatible; YandexBot/3.0; +http://yandex.com/bots)"
157.55.16.221 - - [20/Jan/2012:20:07:46 +0000] "GET / HTTP/1.1" 200 9134 "-" "Mozilla/5.0 (compatible; bingbot/2.0; +http://www.bing.com/bingbot.htm)"
87.250.252.241 - - [20/Jan/2012:21:58:19 +0000] "GET /media-investment HTTP/1.1" 404 214 "-" "Mozilla/5.0 (compatible; YandexBot/3.0; +http://yandex.com/bots)"
87.250.252.241 - - [20/Jan/2012:23:26:30 +0000] "GET /faqs HTTP/1.1" 404 202 "-" "Mozilla/5.0 (compatible; YandexBot/3.0; +http://yandex.com/bots)"
87.250.252.241 - - [21/Jan/2012:01:03:29 +0000] "GET /contract-services HTTP/1.1" 404 215 "-" "Mozilla/5.0 (compatible; YandexBot/3.0; +http://yandex.com/bots)"
180.76.5.98 - - [21/Jan/2012:03:27:06 +0000] "GET /robots.txt HTTP/1.1" 404 208 "-" "Baiduspider+(+http://www.baidu.com/search/spider.htm)"
66.249.71.34 - - [21/Jan/2012:04:28:38 +0000] "GET / HTTP/1.1" 200 9134 "-" "Mozilla/5.0 (compatible; Googlebot/2.1; +http://www.google.com/bot.html)"
87.250.252.241 - - [21/Jan/2012:18:12:08 +0000] "GET /robots.txt HTTP/1.1" 404 208 "-" "Mozilla/5.0 (compatible; YandexBot/3.0; +http://yandex.com/bots)"
87.250.252.241 - - [21/Jan/2012:19:41:55 +0000] "GET / HTTP/1.1" 200 9134 "-" "Mozilla/5.0 (compatible; YandexBot/3.0; +http://yandex.com/bots)"
87.250.252.241 - - [21/Jan/2012:21:28:40 +0000] "GET /north-east HTTP/1.1" 404 208 "-" "Mozilla/5.0 (compatible; YandexBot/3.0; +http://yandex.com/bots)"
87.250.252.241 - - [21/Jan/2012:23:06:52 +0000] "GET /links HTTP/1.1" 404 203 "-" "Mozilla/5.0 (compatible; YandexBot/3.0; +http://yandex.com/bots)"
87.250.252.241 - - [22/Jan/2012:01:21:18 +0000] "GET /team HTTP/1.1" 404 202 "-" "Mozilla/5.0 (compatible; YandexBot/3.0; +http://yandex.com/bots)"
87.250.252.241 - - [22/Jan/2012:02:51:17 +0000] "GET /site-letting-rent-reviews HTTP/1.1" 404 223 "-" "Mozilla/5.0 (compatible; YandexBot/3.0; +http://yandex.com/bots)"
87.250.252.241 - - [22/Jan/2012:04:16:40 +0000] "GET /yorkshire-humberside HTTP/1.1" 404 218 "-" "Mozilla/5.0 (compatible; YandexBot/3.0; +http://yandex.com/bots)"
87.250.252.241 - - [22/Jan/2012:06:20:48 +0000] "GET /paper-paste HTTP/1.1" 404 209 "-" "Mozilla/5.0 (compatible; YandexBot/3.0; +http://yandex.com/bots)"
66.249.71.34 - - [22/Jan/2012:09:45:40 +0000] "GET /robots.txt HTTP/1.1" 404 208 "-" "Mozilla/5.0 (compatible; Googlebot/2.1; +http://www.google.com/bot.html)"
66.249.71.34 - - [22/Jan/2012:09:45:41 +0000] "GET /content/valuations HTTP/1.1" 404 216 "-" "Mozilla/5.0 (compatible; Googlebot/2.1; +http://www.google.com/bot.html)"
66.249.71.34 - - [22/Jan/2012:13:40:26 +0000] "GET /valuation-form HTTP/1.1" 404 212 "-" "Mozilla/5.0 (compatible; Googlebot/2.1; +http://www.google.com/bot.html)"
66.249.71.34 - - [23/Jan/2012:09:58:28 +0000] "GET /robots.txt HTTP/1.1" 404 208 "-" "Mozilla/5.0 (compatible; Googlebot/2.1; +http://www.google.com/bot.html)"
66.249.71.34 - - [23/Jan/2012:09:58:28 +0000] "GET / HTTP/1.1" 200 9134 "-" "Mozilla/5.0 (compatible; Googlebot/2.1; +http://www.google.com/bot.html)"
95.108.151.244 - - [23/Jan/2012:14:16:59 +0000] "GET /robots.txt HTTP/1.1" 404 208 "-" "Mozilla/5.0 (compatible; YandexBot/3.0; +http://yandex.com/bots)"
95.108.151.244 - - [23/Jan/2012:14:17:00 +0000] "GET /banners-building-wraps HTTP/1.1" 404 220 "-" "Mozilla/5.0 (compatible; YandexBot/3.0; +http://yandex.com/bots)"
95.108.151.244 - - [23/Jan/2012:14:17:01 +0000] "GET /banners-building-wraps HTTP/1.1" 404 220 "-" "Mozilla/5.0 (compatible; YandexBot/3.0; +http://yandex.com/bots)"
95.108.151.244 - - [23/Jan/2012:14:17:02 +0000] "GET /contact-us HTTP/1.1" 404 208 "-" "Mozilla/5.0 (compatible; YandexBot/3.0; +http://yandex.com/bots)"
95.108.151.244 - - [23/Jan/2012:14:17:03 +0000] "GET /contract-services HTTP/1.1" 404 215 "-" "Mozilla/5.0 (compatible; YandexBot/3.0; +http://yandex.com/bots)"
95.108.151.244 - - [23/Jan/2012:14:17:04 +0000] "GET /contact-us HTTP/1.1" 404 208 "-" "Mozilla/5.0 (compatible; YandexBot/3.0; +http://yandex.com/bots)"
95.108.151.244 - - [23/Jan/2012:14:17:05 +0000] "GET /contract-services HTTP/1.1" 404 215 "-" "Mozilla/5.0 (compatible; YandexBot/3.0; +http://yandex.com/bots)"
95.108.151.244 - - [23/Jan/2012:14:17:06 +0000] "GET /development-design-project-management HTTP/1.1" 404 235 "-" "Mozilla/5.0 (compatible; YandexBot/3.0; +http://yandex.com/bots)"
95.108.151.244 - - [23/Jan/2012:14:17:07 +0000] "GET /digital HTTP/1.1" 404 205 "-" "Mozilla/5.0 (compatible; YandexBot/3.0; +http://yandex.com/bots)"
95.108.151.244 - - [23/Jan/2012:14:17:08 +0000] "GET /development-design-project-management HTTP/1.1" 404 235 "-" "Mozilla/5.0 (compatible; YandexBot/3.0; +http://yandex.com/bots)"
95.108.151.244 - - [23/Jan/2012:14:17:09 +0000] "GET /digital HTTP/1.1" 404 205 "-" "Mozilla/5.0 (compatible; YandexBot/3.0; +http://yandex.com/bots)"
95.108.151.244 - - [23/Jan/2012:14:17:10 +0000] "GET /east-england HTTP/1.1" 404 210 "-" "Mozilla/5.0 (compatible; YandexBot/3.0; +http://yandex.com/bots)"
95.108.151.244 - - [23/Jan/2012:14:17:11 +0000] "GET /faqs HTTP/1.1" 404 202 "-" "Mozilla/5.0 (compatible; YandexBot/3.0; +http://yandex.com/bots)"
95.108.151.244 - - [23/Jan/2012:14:17:12 +0000] "GET /east-england HTTP/1.1" 404 210 "-" "Mozilla/5.0 (compatible; YandexBot/3.0; +http://yandex.com/bots)"
95.108.151.244 - - [23/Jan/2012:14:17:13 +0000] "GET /faqs HTTP/1.1" 404 202 "-" "Mozilla/5.0 (compatible; YandexBot/3.0; +http://yandex.com/bots)"
95.108.151.244 - - [23/Jan/2012:14:17:14 +0000] "GET /north-east HTTP/1.1" 404 208 "-" "Mozilla/5.0 (compatible; YandexBot/3.0; +http://yandex.com/bots)"
95.108.151.244 - - [23/Jan/2012:14:17:15 +0000] "GET /outdoor-market HTTP/1.1" 404 212 "-" "Mozilla/5.0 (compatible; YandexBot/3.0; +http://yandex.com/bots)"
95.108.151.244 - - [23/Jan/2012:14:17:16 +0000] "GET /north-east HTTP/1.1" 404 208 "-" "Mozilla/5.0 (compatible; YandexBot/3.0; +http://yandex.com/bots)"
95.108.151.244 - - [23/Jan/2012:14:17:17 +0000] "GET /outdoor-market HTTP/1.1" 404 212 "-" "Mozilla/5.0 (compatible; YandexBot/3.0; +http://yandex.com/bots)"
95.108.151.244 - - [23/Jan/2012:14:17:18 +0000] "GET /scotland HTTP/1.1" 404 206 "-" "Mozilla/5.0 (compatible; YandexBot/3.0; +http://yandex.com/bots)"
95.108.151.244 - - [23/Jan/2012:14:17:19 +0000] "GET /site-map HTTP/1.1" 404 206 "-" "Mozilla/5.0 (compatible; YandexBot/3.0; +http://yandex.com/bots)"
95.108.151.244 - - [23/Jan/2012:14:17:20 +0000] "GET /scotland HTTP/1.1" 404 206 "-" "Mozilla/5.0 (compatible; YandexBot/3.0; +http://yandex.com/bots)"
95.108.151.244 - - [23/Jan/2012:14:17:21 +0000] "GET /south-east HTTP/1.1" 404 208 "-" "Mozilla/5.0 (compatible; YandexBot/3.0; +http://yandex.com/bots)"
95.108.151.244 - - [23/Jan/2012:14:17:22 +0000] "GET /south-east HTTP/1.1" 404 208 "-" "Mozilla/5.0 (compatible; YandexBot/3.0; +http://yandex.com/bots)"
95.108.151.244 - - [23/Jan/2012:14:17:30 +0000] "GET /site-map HTTP/1.1" 404 206 "-" "Mozilla/5.0 (compatible; YandexBot/3.0; +http://yandex.com/bots)"
87.250.252.241 - - [23/Jan/2012:21:39:11 +0000] "GET /robots.txt HTTP/1.1" 404 208 "-" "Mozilla/5.0 (compatible; YandexBot/3.0; +http://yandex.com/bots)"
66.249.71.34 - - [24/Jan/2012:03:51:40 +0000] "GET /robots.txt HTTP/1.1" 404 208 "-" "Mozilla/5.0 (compatible; Googlebot/2.1; +http://www.google.com/bot.html)"
66.249.71.34 - - [24/Jan/2012:03:51:40 +0000] "GET / HTTP/1.1" 200 9134 "-" "Mozilla/5.0 (compatible; Googlebot/2.1; +http://www.google.com/bot.html)"
87.250.252.241 - - [24/Jan/2012:04:58:56 +0000] "GET / HTTP/1.1" 200 9134 "-" "Mozilla/5.0 (compatible; YandexBot/3.0; +http://yandex.com/bots)"
66.249.71.34 - - [24/Jan/2012:06:49:03 +0000] "GET /sites/default/files/020908_birmingham_mail.pdf HTTP/1.1" 404 244 "-" "Mozilla/5.0 (compatible; Googlebot/2.1; +http://www.google.com/bot.html)"
87.250.252.241 - - [24/Jan/2012:07:52:20 +0000] "GET /sites/default/files/TTP%20Brochure%202011.pdf HTTP/1.1" 404 239 "-" "Mozilla/5.0 (compatible; YandexBot/3.0; +http://yandex.com/bots)"
66.249.71.34 - - [24/Jan/2012:12:28:20 +0000] "GET /sites/default/files/290808_birmingham_post.pdf HTTP/1.1" 404 244 "-" "Mozilla/5.0 (compatible; Googlebot/2.1; +http://www.google.com/bot.html)"
87.250.252.241 - - [24/Jan/2012:14:43:20 +0000] "GET /valuation-form HTTP/1.1" 404 212 "-" "Mozilla/5.0 (compatible; YandexBot/3.0; +http://yandex.com/bots)"
87.250.252.241 - - [24/Jan/2012:15:29:13 +0000] "GET /newsletter HTTP/1.1" 404 208 "-" "Mozilla/5.0 (compatible; YandexBot/3.0; +http://yandex.com/bots)"
66.249.71.34 - - [24/Jan/2012:23:39:13 +0000] "GET /robots.txt HTTP/1.1" 404 208 "-" "Mozilla/5.0 (compatible; Googlebot/2.1; +http://www.google.com/bot.html)"
66.249.71.34 - - [24/Jan/2012:23:39:13 +0000] "GET /content/valuations HTTP/1.1" 404 216 "-" "Mozilla/5.0 (compatible; Googlebot/2.1; +http://www.google.com/bot.html)"
66.249.71.34 - - [24/Jan/2012:23:49:54 +0000] "GET /sites/default/files/April%202010.pdf HTTP/1.1" 404 232 "-" "Mozilla/5.0 (compatible; Googlebot/2.1; +http://www.google.com/bot.html)"
66.249.71.34 - - [25/Jan/2012:02:07:06 +0000] "GET /valuation-form HTTP/1.1" 404 212 "-" "Mozilla/5.0 (compatible; Googlebot/2.1; +http://www.google.com/bot.html)"
66.249.71.34 - - [25/Jan/2012:11:08:49 +0000] "GET /sites/default/files/August%202010.pdf HTTP/1.1" 404 233 "-" "Mozilla/5.0 (compatible; Googlebot/2.1; +http://www.google.com/bot.html)"
87.250.252.241 - - [25/Jan/2012:13:45:51 +0000] "GET /robots.txt HTTP/1.1" 404 208 "-" "Mozilla/5.0 (compatible; YandexBot/3.0; +http://yandex.com/bots)"
66.249.71.34 - - [25/Jan/2012:16:41:51 +0000] "GET /robots.txt HTTP/1.1" 404 208 "-" "Mozilla/5.0 (compatible; Googlebot/2.1; +http://www.google.com/bot.html)"
66.249.71.34 - - [25/Jan/2012:16:41:51 +0000] "GET /sites/default/files/December%202009.pdf HTTP/1.1" 404 235 "-" "Mozilla/5.0 (compatible; Googlebot/2.1; +http://www.google.com/bot.html)"
87.250.252.241 - - [25/Jan/2012:17:05:12 +0000] "GET / HTTP/1.1" 200 9134 "-" "Mozilla/5.0 (compatible; YandexBot/3.0; +http://yandex.com/bots)"
66.249.71.34 - - [25/Jan/2012:19:44:02 +0000] "GET /sites/default/files/February%202010.pdf HTTP/1.1" 404 235 "-" "Mozilla/5.0 (compatible; Googlebot/2.1; +http://www.google.com/bot.html)"
87.250.252.241 - - [25/Jan/2012:21:06:47 +0000] "GET /portfolio-management HTTP/1.1" 404 218 "-" "Mozilla/5.0 (compatible; YandexBot/3.0; +http://yandex.com/bots)"
66.249.71.34 - - [25/Jan/2012:21:17:38 +0000] "GET /sites/default/files/290808_birmingham_post.pdf HTTP/1.1" 404 244 "-" "Mozilla/5.0 (compatible; Googlebot/2.1; +http://www.google.com/bot.html)"
87.250.252.241 - - [26/Jan/2012:00:20:40 +0000] "GET /outdoor-market HTTP/1.1" 404 212 "-" "Mozilla/5.0 (compatible; YandexBot/3.0; +http://yandex.com/bots)"
66.249.71.34 - - [26/Jan/2012:03:28:32 +0000] "GET /sites/default/files/January%202010.pdf HTTP/1.1" 404 234 "-" "Mozilla/5.0 (compatible; Googlebot/2.1; +http://www.google.com/bot.html)"
87.250.252.241 - - [26/Jan/2012:03:47:43 +0000] "GET /fees HTTP/1.1" 404 202 "-" "Mozilla/5.0 (compatible; YandexBot/3.0; +http://yandex.com/bots)"
87.250.252.241 - - [26/Jan/2012:07:43:49 +0000] "GET /scotland HTTP/1.1" 404 206 "-" "Mozilla/5.0 (compatible; YandexBot/3.0; +http://yandex.com/bots)"
66.249.71.34 - - [26/Jan/2012:08:01:34 +0000] "GET /robots.txt HTTP/1.1" 404 208 "-" "Mozilla/5.0 (compatible; Googlebot/2.1; +http://www.google.com/bot.html)"
66.249.71.34 - - [26/Jan/2012:08:01:34 +0000] "GET /sites/default/files/January%202011.pdf HTTP/1.1" 404 234 "-" "Mozilla/5.0 (compatible; Googlebot/2.1; +http://www.google.com/bot.html)"
66.249.71.34 - - [26/Jan/2012:09:51:31 +0000] "GET / HTTP/1.1" 200 9134 "-" "Mozilla/5.0 (compatible; Googlebot/2.1; +http://www.google.com/bot.html)"
66.249.71.34 - - [26/Jan/2012:10:55:03 +0000] "GET /sites/default/files/June%202010.pdf HTTP/1.1" 404 231 "-" "Mozilla/5.0 (compatible; Googlebot/2.1; +http://www.google.com/bot.html)"
66.249.71.34 - - [26/Jan/2012:16:38:42 +0000] "GET /sites/default/files/April%202010.pdf HTTP/1.1" 404 232 "-" "Mozilla/5.0 (compatible; Googlebot/2.1; +http://www.google.com/bot.html)"
66.249.71.34 - - [26/Jan/2012:22:33:53 +0000] "GET /robots.txt HTTP/1.1" 404 208 "-" "Mozilla/5.0 (compatible; Googlebot/2.1; +http://www.google.com/bot.html)"
66.249.71.34 - - [26/Jan/2012:22:33:53 +0000] "GET /sites/default/files/March%202010.pdf HTTP/1.1" 404 232 "-" "Mozilla/5.0 (compatible; Googlebot/2.1; +http://www.google.com/bot.html)"
66.249.71.34 - - [27/Jan/2012:02:22:58 +0000] "GET /sites/default/files/February%202010.pdf HTTP/1.1" 404 235 "-" "Mozilla/5.0 (compatible; Googlebot/2.1; +http://www.google.com/bot.html)"
31.207.242.178 - - [27/Jan/2012:02:55:50 +0000] "POST /wp-login.php HTTP/1.1" 404 210 "-" "-"
207.241.224.41 - - [27/Jan/2012:06:28:44 +0000] "GET /robots.txt HTTP/1.1" 404 208 "-" "ia_archiver(OS-Wayback)"
66.249.71.34 - - [27/Jan/2012:09:08:25 +0000] "GET /sites/default/files/November%202010.pdf HTTP/1.1" 404 235 "-" "Mozilla/5.0 (compatible; Googlebot/2.1; +http://www.google.com/bot.html)"
66.249.71.34 - - [27/Jan/2012:13:57:02 +0000] "GET /robots.txt HTTP/1.1" 404 208 "-" "Mozilla/5.0 (compatible; Googlebot/2.1; +http://www.google.com/bot.html)"
66.249.71.34 - - [27/Jan/2012:13:57:02 +0000] "GET /sites/default/files/January%202010.pdf HTTP/1.1" 404 234 "-" "Mozilla/5.0 (compatible; Googlebot/2.1; +http://www.google.com/bot.html)"
87.250.252.241 - - [27/Jan/2012:14:37:33 +0000] "GET /robots.txt HTTP/1.1" 404 208 "-" "Mozilla/5.0 (compatible; YandexBot/3.0; +http://yandex.com/bots)"
87.250.252.241 - - [27/Jan/2012:16:08:29 +0000] "GET / HTTP/1.1" 200 9134 "-" "Mozilla/5.0 (compatible; YandexBot/3.0; +http://yandex.com/bots)"
66.249.71.34 - - [27/Jan/2012:20:00:15 +0000] "GET /sites/default/files/OFT%20Investigation.pdf HTTP/1.1" 404 239 "-" "Mozilla/5.0 (compatible; Googlebot/2.1; +http://www.google.com/bot.html)"
157.55.16.220 - - [27/Jan/2012:20:40:39 +0000] "GET /robots.txt HTTP/1.1" 404 208 "-" "Mozilla/5.0 (compatible; bingbot/2.0; +http://www.bing.com/bingbot.htm)"
66.249.71.34 - - [28/Jan/2012:02:05:59 +0000] "GET /robots.txt HTTP/1.1" 404 208 "-" "Mozilla/5.0 (compatible; Googlebot/2.1; +http://www.google.com/bot.html)"
66.249.71.34 - - [28/Jan/2012:02:06:00 +0000] "GET /sites/default/files/October%202010.pdf HTTP/1.1" 404 234 "-" "Mozilla/5.0 (compatible; Googlebot/2.1; +http://www.google.com/bot.html)"
66.249.71.34 - - [28/Jan/2012:05:49:17 +0000] "GET /sites/default/files/skype-button_0_0.png HTTP/1.1" 404 238 "-" "Googlebot-Image/1.0"
66.249.71.34 - - [28/Jan/2012:06:28:23 +0000] "GET /sites/default/files/follow_twitter_button_c.png HTTP/1.1" 404 245 "-" "Googlebot-Image/1.0"
66.249.71.34 - - [28/Jan/2012:07:55:48 +0000] "GET /sites/default/files/Download%20Brochure%20Button.jpg HTTP/1.1" 404 246 "-" "Googlebot-Image/1.0"
66.249.71.34 - - [28/Jan/2012:08:51:53 +0000] "GET /sites/default/files/Press%20Release%20AR%20Golf%20Day.pdf HTTP/1.1" 404 247 "-" "Mozilla/5.0 (compatible; Googlebot/2.1; +http://www.google.com/bot.html)"
66.249.71.34 - - [28/Jan/2012:09:37:02 +0000] "GET /sites/default/files/Broch%20Button.jpg HTTP/1.1" 404 234 "-" "Googlebot-Image/1.0"
66.249.71.34 - - [28/Jan/2012:10:24:24 +0000] "GET /sites/default/files/September%202010.pdf HTTP/1.1" 404 236 "-" "Mozilla/5.0 (compatible; Googlebot/2.1; +http://www.google.com/bot.html)"
78.29.15.137 - - [28/Jan/2012:14:21:40 +0000] "POST /wp-login.php HTTP/1.1" 404 210 "-" "-"
66.249.71.34 - - [28/Jan/2012:18:25:28 +0000] "GET /robots.txt HTTP/1.1" 404 208 "-" "Mozilla/5.0 (compatible; Googlebot/2.1; +http://www.google.com/bot.html)"
66.249.71.34 - - [28/Jan/2012:18:25:29 +0000] "GET /sites/default/files/Stadium%20Capital%20Holding%20No2%20and%20St%20Marylebone%20Property%20Company%202011_0.PDF HTTP/1.1" 404 291 "-" "Mozilla/5.0 (compatible; Googlebot/2.1; +http://www.google.com/bot.html)"
66.249.71.34 - - [29/Jan/2012:05:26:16 +0000] "GET /sites/default/files/TTP%20Brochure%202011.pdf HTTP/1.1" 404 239 "-" "Mozilla/5.0 (compatible; Googlebot/2.1; +http://www.google.com/bot.html)"
66.249.71.34 - - [29/Jan/2012:06:29:46 +0000] "GET /robots.txt HTTP/1.1" 404 208 "-" "Mozilla/5.0 (compatible; Googlebot/2.1; +http://www.google.com/bot.html)"
66.249.71.34 - - [29/Jan/2012:06:29:46 +0000] "GET /sites/default/files/TTP%20Brochure%202011.pdf HTTP/1.1" 404 239 "-" "Mozilla/5.0 (compatible; Googlebot/2.1; +http://www.google.com/bot.html)"
66.249.71.34 - - [29/Jan/2012:10:03:20 +0000] "GET / HTTP/1.1" 200 9134 "-" "Mozilla/5.0 (compatible; Googlebot/2.1; +http://www.google.com/bot.html)"
180.76.5.172 - - [29/Jan/2012:21:11:36 +0000] "GET /robots.txt HTTP/1.1" 404 208 "-" "Baiduspider+(+http://www.baidu.com/search/spider.htm)"
87.250.252.241 - - [29/Jan/2012:22:16:59 +0000] "GET /robots.txt HTTP/1.1" 404 208 "-" "Mozilla/5.0 (compatible; YandexBot/3.0; +http://yandex.com/bots)"
87.250.252.241 - - [30/Jan/2012:03:15:05 +0000] "GET / HTTP/1.1" 200 9134 "-" "Mozilla/5.0 (compatible; YandexBot/3.0; +http://yandex.com/bots)"
66.249.71.34 - - [30/Jan/2012:10:33:23 +0000] "GET /robots.txt HTTP/1.1" 404 208 "-" "Mozilla/5.0 (compatible; Googlebot/2.1; +http://www.google.com/bot.html)"
66.249.71.34 - - [30/Jan/2012:10:33:23 +0000] "GET /content/valuations HTTP/1.1" 404 216 "-" "Mozilla/5.0 (compatible; Googlebot/2.1; +http://www.google.com/bot.html)"
66.249.71.34 - - [30/Jan/2012:13:27:59 +0000] "GET /investments HTTP/1.1" 404 209 "-" "Mozilla/5.0 (compatible; Googlebot/2.1; +http://www.google.com/bot.html)"
66.249.71.34 - - [30/Jan/2012:14:00:21 +0000] "GET /sites/default/files/April%202010.pdf HTTP/1.1" 404 232 "-" "Mozilla/5.0 (compatible; Googlebot/2.1; +http://www.google.com/bot.html)"
66.249.71.34 - - [30/Jan/2012:15:45:38 +0000] "GET /valuation-form HTTP/1.1" 404 212 "-" "Mozilla/5.0 (compatible; Googlebot/2.1; +http://www.google.com/bot.html)"
95.108.151.244 - - [31/Jan/2012:13:21:42 +0000] "GET /robots.txt HTTP/1.1" 404 208 "-" "Mozilla/5.0 (compatible; YandexBot/3.0; +http://yandex.com/bots)"
95.108.151.244 - - [31/Jan/2012:13:21:43 +0000] "GET / HTTP/1.1" 200 9134 "-" "Mozilla/5.0 (compatible; YandexBot/3.0; +http://yandex.com/bots)"
95.108.151.244 - - [31/Jan/2012:13:21:44 +0000] "GET / HTTP/1.1" 200 9134 "-" "Mozilla/5.0 (compatible; YandexBot/3.0; +http://yandex.com/bots)"
66.249.72.235 - - [31/Jan/2012:16:52:05 +0000] "GET /robots.txt HTTP/1.1" 404 208 "-" "Mozilla/5.0 (compatible; Googlebot/2.1; +http://www.google.com/bot.html)"
66.249.72.235 - - [31/Jan/2012:16:52:06 +0000] "GET /sites/default/files/020908_birmingham_mail.pdf HTTP/1.1" 404 244 "-" "Mozilla/5.0 (compatible; Googlebot/2.1; +http://www.google.com/bot.html)"
66.249.72.235 - - [31/Jan/2012:18:10:57 +0000] "GET /sites/default/files/290808_birmingham_post.pdf HTTP/1.1" 404 244 "-" "Mozilla/5.0 (compatible; Googlebot/2.1; +http://www.google.com/bot.html)"
66.249.72.235 - - [31/Jan/2012:19:25:11 +0000] "GET /sites/default/files/April%202010.pdf HTTP/1.1" 404 232 "-" "Mozilla/5.0 (compatible; Googlebot/2.1; +http://www.google.com/bot.html)"
66.249.72.235 - - [31/Jan/2012:20:07:01 +0000] "GET /sites/default/files/August%202010.pdf HTTP/1.1" 404 233 "-" "Mozilla/5.0 (compatible; Googlebot/2.1; +http://www.google.com/bot.html)"
66.249.72.235 - - [31/Jan/2012:20:44:04 +0000] "GET /sites/default/files/December%202009.pdf HTTP/1.1" 404 235 "-" "Mozilla/5.0 (compatible; Googlebot/2.1; +http://www.google.com/bot.html)"
66.249.72.235 - - [31/Jan/2012:21:32:47 +0000] "GET /sites/default/files/February%202010.pdf HTTP/1.1" 404 235 "-" "Mozilla/5.0 (compatible; Googlebot/2.1; +http://www.google.com/bot.html)"
66.249.72.235 - - [31/Jan/2012:22:05:16 +0000] "GET /sites/default/files/January%202010.pdf HTTP/1.1" 404 234 "-" "Mozilla/5.0 (compatible; Googlebot/2.1; +http://www.google.com/bot.html)"
66.249.72.235 - - [31/Jan/2012:22:19:27 +0000] "GET /sites/default/files/January%202011.pdf HTTP/1.1" 404 234 "-" "Mozilla/5.0 (compatible; Googlebot/2.1; +http://www.google.com/bot.html)"
66.249.72.235 - - [31/Jan/2012:22:33:06 +0000] "GET /sites/default/files/June%202010.pdf HTTP/1.1" 404 231 "-" "Mozilla/5.0 (compatible; Googlebot/2.1; +http://www.google.com/bot.html)"
66.249.72.235 - - [31/Jan/2012:22:47:01 +0000] "GET /sites/default/files/March%202010.pdf HTTP/1.1" 404 232 "-" "Mozilla/5.0 (compatible; Googlebot/2.1; +http://www.google.com/bot.html)"
66.249.72.235 - - [31/Jan/2012:22:51:40 +0000] "GET /sites/default/files/November%202010.pdf HTTP/1.1" 404 235 "-" "Mozilla/5.0 (compatible; Googlebot/2.1; +http://www.google.com/bot.html)"
66.249.72.235 - - [31/Jan/2012:23:10:13 +0000] "GET /sites/default/files/OFT%20Investigation.pdf HTTP/1.1" 404 239 "-" "Mozilla/5.0 (compatible; Googlebot/2.1; +http://www.google.com/bot.html)"
66.249.72.235 - - [31/Jan/2012:23:21:49 +0000] "GET /sites/default/files/October%202010.pdf HTTP/1.1" 404 234 "-" "Mozilla/5.0 (compatible; Googlebot/2.1; +http://www.google.com/bot.html)"
66.249.72.235 - - [31/Jan/2012:23:33:26 +0000] "GET /sites/default/files/Press%20Release%20AR%20Golf%20Day.pdf HTTP/1.1" 404 247 "-" "Mozilla/5.0 (compatible; Googlebot/2.1; +http://www.google.com/bot.html)"
66.249.72.235 - - [31/Jan/2012:23:45:01 +0000] "GET /sites/default/files/September%202010.pdf HTTP/1.1" 404 236 "-" "Mozilla/5.0 (compatible; Googlebot/2.1; +http://www.google.com/bot.html)"