66.249.71.116 - - [15/Jan/2012:14:01:11 +0000] "GET /reports/usage_201103.html HTTP/1.1" 200 74442 "-" "Mozilla/5.0 (compatible; Googlebot/2.1; +http://www.google.com/bot.html)"
66.249.71.116 - - [15/Jan/2012:14:02:11 +0000] "GET /reports/usage_201112.html HTTP/1.1" 200 54898 "-" "Mozilla/5.0 (compatible; Googlebot/2.1; +http://www.google.com/bot.html)"
66.249.71.116 - - [15/Jan/2012:14:02:31 +0000] "GET /reports/usage_201102.html HTTP/1.1" 200 74442 "-" "Mozilla/5.0 (compatible; Googlebot/2.1; +http://www.google.com/bot.html)"
66.249.71.116 - - [15/Jan/2012:14:03:10 +0000] "GET /reports/usage_201105.html HTTP/1.1" 200 69912 "-" "Mozilla/5.0 (compatible; Googlebot/2.1; +http://www.google.com/bot.html)"
66.249.71.116 - - [15/Jan/2012:14:03:30 +0000] "GET /reports/usage_201101.html HTTP/1.1" 200 77642 "-" "Mozilla/5.0 (compatible; Googlebot/2.1; +http://www.google.com/bot.html)"
66.249.71.116 - - [15/Jan/2012:14:04:10 +0000] "GET /reports/usage_201111.html HTTP/1.1" 200 78229 "-" "Mozilla/5.0 (compatible; Googlebot/2.1; +http://www.google.com/bot.html)"
66.249.71.116 - - [15/Jan/2012:14:04:30 +0000] "GET /reports/usage_201109.html HTTP/1.1" 200 71194 "-" "Mozilla/5.0 (compatible; Googlebot/2.1; +http://www.google.com/bot.html)"
66.249.71.116 - - [15/Jan/2012:14:04:50 +0000] "GET /reports/usage_201107.html HTTP/1.1" 200 70695 "-" "Mozilla/5.0 (compatible; Googlebot/2.1; +http://www.google.com/bot.html)"
66.249.71.116 - - [15/Jan/2012:14:05:10 +0000] "GET /reports/usage_201104.html HTTP/1.1" 200 73131 "-" "Mozilla/5.0 (compatible; Googlebot/2.1; +http://www.google.com/bot.html)"
66.249.71.116 - - [15/Jan/2012:14:05:30 +0000] "GET /reports/usage_201108.html HTTP/1.1" 200 76746 "-" "Mozilla/5.0 (compatible; Googlebot/2.1; +http://www.google.com/bot.html)"
66.249.71.116 - - [15/Jan/2012:14:05:50 +0000] "GET /reports/usage_201106.html HTTP/1.1" 200 70611 "-" "Mozilla/5.0 (compatible; Googlebot/2.1; +http://www.google.com/bot.html)"
66.249.71.116 - - [15/Jan/2012:14:06:30 +0000] "GET /reports/usage_201110.html HTTP/1.1" 200 77981 "-" "Mozilla/5.0 (compatible; Googlebot/2.1; +http://www.google.com/bot.html)"
109.123.117.146 - - [15/Jan/2012:18:11:50 +0000] "GET / HTTP/1.0" 200 291 "-" "Mozilla/5.0 (compatible; SWEBot/1.0; +http://swebot.net)"
109.123.117.146 - - [15/Jan/2012:18:11:50 +0000] "GET /welcomeftp HTTP/1.0" 200 842 "-" "Mozilla/5.0 (compatible; SWEBot/1.0; +http://swebot.net)"
109.123.117.146 - - [15/Jan/2012:18:11:50 +0000] "GET /reports/ HTTP/1.0" 200 9835 "-" "Mozilla/5.0 (compatible; SWEBot/1.0; +http://swebot.net)"
109.123.117.146 - - [15/Jan/2012:18:11:50 +0000] "GET /reports/usage_201101.html HTTP/1.0" 200 77642 "-" "Mozilla/5.0 (compatible; SWEBot/1.0; +http://swebot.net)"
109.123.117.146 - - [15/Jan/2012:18:11:50 +0000] "GET /reports/usage_201102.html HTTP/1.0" 200 74442 "-" "Mozilla/5.0 (compatible; SWEBot/1.0; +http://swebot.net)"
109.123.117.146 - - [15/Jan/2012:18:11:50 +0000] "GET /reports/usage_201103.html HTTP/1.0" 200 74442 "-" "Mozilla/5.0 (compatible; SWEBot/1.0; +http://swebot.net)"
109.123.117.146 - - [15/Jan/2012:18:11:50 +0000] "GET /index.php HTTP/1.0" 404 207 "-" "Mozilla/5.0 (compatible; SWEBot/1.0; +http://swebot.net)"
109.123.117.146 - - [15/Jan/2012:18:11:51 +0000] "GET /reports/usage_201104.html HTTP/1.0" 200 73131 "-" "Mozilla/5.0 (compatible; SWEBot/1.0; +http://swebot.net)"
109.123.117.146 - - [15/Jan/2012:18:11:51 +0000] "GET /reports/usage_201105.html HTTP/1.0" 200 69912 "-" "Mozilla/5.0 (compatible; SWEBot/1.0; +http://swebot.net)"
109.123.117.146 - - [15/Jan/2012:18:11:51 +0000] "GET /reports/usage_201106.html HTTP/1.0" 200 70611 "-" "Mozilla/5.0 (compatible; SWEBot/1.0; +http://swebot.net)"
109.123.117.146 - - [15/Jan/2012:18:11:51 +0000] "GET /reports/usage_201107.html HTTP/1.0" 200 70695 "-" "Mozilla/5.0 (compatible; SWEBot/1.0; +http://swebot.net)"
109.123.117.146 - - [15/Jan/2012:18:11:51 +0000] "GET /reports/usage_201108.html HTTP/1.0" 200 76746 "-" "Mozilla/5.0 (compatible; SWEBot/1.0; +http://swebot.net)"
109.123.117.146 - - [15/Jan/2012:18:11:51 +0000] "GET /reports/usage_201109.html HTTP/1.0" 200 71194 "-" "Mozilla/5.0 (compatible; SWEBot/1.0; +http://swebot.net)"
109.123.117.146 - - [15/Jan/2012:18:11:51 +0000] "GET /reports/usage_201110.html HTTP/1.0" 200 77981 "-" "Mozilla/5.0 (compatible; SWEBot/1.0; +http://swebot.net)"
109.123.117.146 - - [15/Jan/2012:18:11:51 +0000] "GET /reports/usage_201111.html HTTP/1.0" 200 78229 "-" "Mozilla/5.0 (compatible; SWEBot/1.0; +http://swebot.net)"
109.123.117.146 - - [15/Jan/2012:18:11:52 +0000] "GET /reports/usage_201112.html HTTP/1.0" 200 54898 "-" "Mozilla/5.0 (compatible; SWEBot/1.0; +http://swebot.net)"
109.123.117.146 - - [15/Jan/2012:18:11:52 +0000] "GET /cgi-bin/ HTTP/1.0" 403 210 "-" "Mozilla/5.0 (compatible; SWEBot/1.0; +http://swebot.net)"
208.80.194.27 - - [15/Jan/2012:19:19:38 +0000] "GET / HTTP/1.0" 200 291 "-" "Mozilla/4.0 (compatible; MSIE 6.0; AOL 9.0; Windows NT 5.1; {E5EC7D79-A272-DE99-D799-E4EF0BB31C45})"
66.249.68.71 - - [16/Jan/2012:09:37:03 +0000] "GET /robots.txt HTTP/1.1" 404 208 "-" "Mozilla/5.0 (compatible; Googlebot/2.1; +http://www.google.com/bot.html)"
66.249.68.71 - - [16/Jan/2012:09:37:03 +0000] "GET / HTTP/1.1" 200 291 "-" "Mozilla/5.0 (compatible; Googlebot/2.1; +http://www.google.com/bot.html)"
95.108.151.244 - - [16/Jan/2012:12:53:03 +0000] "GET /robots.txt HTTP/1.1" 404 208 "-" "Mozilla/5.0 (compatible; YandexBot/3.0; +http://yandex.com/bots)"
95.108.151.244 - - [16/Jan/2012:12:53:04 +0000] "GET / HTTP/1.1" 200 291 "-" "Mozilla/5.0 (compatible; YandexBot/3.0; +http://yandex.com/bots)"
95.108.151.244 - - [16/Jan/2012:12:53:05 +0000] "GET / HTTP/1.1" 200 291 "-" "Mozilla/5.0 (compatible; YandexBot/3.0; +http://yandex.com/bots)"
208.80.194.30 - - [17/Jan/2012:10:29:04 +0000] "GET / HTTP/1.0" 200 291 "-" "Mozilla/4.0 (compatible; MSIE 7.0; Windows NT 5.1; yie6; QS 4.1.2.2; .NET CLR 1.1.4322; .NET CLR 2.0.50727)"
180.76.5.98 - - [18/Jan/2012:00:34:19 +0000] "GET /robots.txt HTTP/1.1" 404 208 "-" "Baiduspider+(+http://www.baidu.com/search/spider.htm)"
180.76.5.158 - - [18/Jan/2012:13:26:17 +0000] "GET / HTTP/1.1" 200 291 "-" "Mozilla/5.0 (compatible; Baiduspider/2.0; +http://www.baidu.com/search/spider.html)"
208.80.194.30 - - [19/Jan/2012:05:10:11 +0000] "GET / HTTP/1.0" 200 291 "-" "Mozilla/4.0 (compatible; MSIE 6.0; America Online Browser 1.1; rev1.5; Windows NT 5.1; {B21C79F0-FBF0-D4AC-FB53-7FA828B3BEB9}; .NET CLR 1.1.4322; Creative ZENcast v1.01.06)"
220.181.108.97 - - [19/Jan/2012:10:18:53 +0000] "GET / HTTP/1.1" 200 291 "-" "Mozilla/5.0 (compatible; Baiduspider/2.0; +http://www.baidu.com/search/spider.html)"
220.181.108.93 - - [19/Jan/2012:10:19:04 +0000] "GET /cgi-bin/ HTTP/1.1" 403 210 "-" "Mozilla/5.0 (compatible; Baiduspider/2.0; +http://www.baidu.com/search/spider.html)"
220.181.108.173 - - [19/Jan/2012:10:19:16 +0000] "GET /reports/ HTTP/1.1" 200 9835 "-" "Mozilla/5.0 (compatible; Baiduspider/2.0; +http://www.baidu.com/search/spider.html)"
220.181.108.178 - - [19/Jan/2012:10:19:23 +0000] "GET /welcomeftp HTTP/1.1" 200 842 "-" "Mozilla/5.0 (compatible; Baiduspider/2.0; +http://www.baidu.com/search/spider.html)"
66.249.72.154 - - [19/Jan/2012:13:14:14 +0000] "GET /robots.txt HTTP/1.1" 404 208 "-" "Mozilla/5.0 (compatible; Googlebot/2.1; +http://www.google.com/bot.html)"
66.249.72.154 - - [19/Jan/2012:13:14:14 +0000] "GET /reports/ HTTP/1.1" 304 - "-" "Mozilla/5.0 (compatible; Googlebot/2.1; +http://www.google.com/bot.html)"
66.249.72.154 - - [19/Jan/2012:14:26:13 +0000] "GET / HTTP/1.1" 200 291 "-" "Mozilla/5.0 (compatible; Googlebot/2.1; +http://www.google.com/bot.html)"
66.249.72.154 - - [19/Jan/2012:21:21:20 +0000] "GET /welcomeftp HTTP/1.1" 304 - "-" "Mozilla/5.0 (compatible; Googlebot/2.1; +http://www.google.com/bot.html)"
208.80.194.30 - - [20/Jan/2012:23:56:25 +0000] "GET / HTTP/1.0" 200 291 "-" "Mozilla/4.0 (compatible; MSIE 6.0; Windows NT 5.1; {41FA60AD-CE58-437A-8094-A5768E34E0F7}; .NET CLR 1.1.4322; MSN 6.1; MSNbMSFT; MSNmen-us; MSNc22; v5m)"
66.249.71.116 - - [22/Jan/2012:07:44:34 +0000] "GET /robots.txt HTTP/1.1" 404 208 "-" "Mozilla/5.0 (compatible; Googlebot/2.1; +http://www.google.com/bot.html)"
66.249.71.116 - - [22/Jan/2012:07:44:34 +0000] "GET /reports/usage.png HTTP/1.1" 200 2631 "-" "Googlebot-Image/1.0"
66.249.71.116 - - [22/Jan/2012:14:35:21 +0000] "GET / HTTP/1.1" 200 291 "-" "Mozilla/5.0 (compatible; Googlebot/2.1; +http://www.google.com/bot.html)"
208.80.194.73 - - [22/Jan/2012:17:36:06 +0000] "GET / HTTP/1.0" 200 291 "-" "Mozilla/4.0 (compatible; MSIE 6.0; Windows NT 5.1; {DD572044-8602-7DAE-DDE1-5E9642830AB8}; .NET CLR 1.1.4322)"
66.249.71.116 - - [22/Jan/2012:18:39:05 +0000] "GET /reports/usage_201105.html HTTP/1.1" 304 - "-" "Mozilla/5.0 (compatible; Googlebot/2.1; +http://www.google.com/bot.html)"
220.181.108.183 - - [23/Jan/2012:03:46:01 +0000] "GET /robots.txt HTTP/1.1" 404 208 "-" "Baiduspider+(+http://www.baidu.com/search/spider.htm)"
66.249.71.116 - - [23/Jan/2012:07:54:01 +0000] "GET /robots.txt HTTP/1.1" 404 208 "-" "Mozilla/5.0 (compatible; Googlebot/2.1; +http://www.google.com/bot.html)"
66.249.71.116 - - [23/Jan/2012:07:54:01 +0000] "GET /reports/usage_201107.html HTTP/1.1" 304 - "-" "Mozilla/5.0 (compatible; Googlebot/2.1; +http://www.google.com/bot.html)"
81.176.230.39 - - [23/Jan/2012:07:57:17 +0000] "GET / HTTP/1.1" 200 291 "-" "Mozilla/4.0 (compatible; MSIE 7.0; Windows NT 6.0)"
220.181.108.187 - - [23/Jan/2012:14:33:40 +0000] "GET / HTTP/1.1" 200 291 "-" "Mozilla/5.0 (compatible; Baiduspider/2.0; +http://www.baidu.com/search/spider.html)"
78.29.15.137 - - [23/Jan/2012:18:46:49 +0000] "POST /wp-login.php HTTP/1.1" 404 210 "-" "-"
208.80.194.30 - - [24/Jan/2012:01:40:24 +0000] "GET / HTTP/1.0" 200 291 "-" "Mozilla/4.0 (compatible; MSIE 6.0; Windows NT 5.1; Preload_01_07; (R1 1.3))"
79.125.105.80 - - [24/Jan/2012:02:22:19 +0000] "GET /plugins/editors/tinymce/jscripts/tiny_mce/plugins/tinybrowser/upload.php HTTP/1.1" 404 270 "-" "Mozilla/5.0 (Windows; U; Windows NT 6.1; en; rv:1.9.2.13) Gecko/20101203 Firefox/3.6.13"
66.249.71.116 - - [24/Jan/2012:13:25:29 +0000] "GET /robots.txt HTTP/1.1" 404 208 "-" "Mozilla/5.0 (compatible; Googlebot/2.1; +http://www.google.com/bot.html)"
66.249.71.116 - - [24/Jan/2012:13:25:30 +0000] "GET /reports/ HTTP/1.1" 304 - "-" "Mozilla/5.0 (compatible; Googlebot/2.1; +http://www.google.com/bot.html)"
220.181.108.172 - - [24/Jan/2012:14:18:23 +0000] "GET /cgi-bin/ HTTP/1.1" 403 210 "-" "Mozilla/5.0 (compatible; Baiduspider/2.0; +http://www.baidu.com/search/spider.html)"
66.249.71.116 - - [24/Jan/2012:21:39:59 +0000] "GET /robots.txt HTTP/1.1" 404 208 "-" "Mozilla/5.0 (compatible; Googlebot/2.1; +http://www.google.com/bot.html)"
66.249.71.116 - - [24/Jan/2012:21:39:59 +0000] "GET / HTTP/1.1" 200 291 "-" "Mozilla/5.0 (compatible; Googlebot/2.1; +http://www.google.com/bot.html)"
220.181.108.185 - - [25/Jan/2012:14:42:13 +0000] "GET / HTTP/1.1" 200 291 "-" "Mozilla/5.0 (compatible; Baiduspider/2.0; +http://www.baidu.com/search/spider.html)"
87.250.252.241 - - [27/Jan/2012:05:14:04 +0000] "GET /robots.txt HTTP/1.1" 404 208 "-" "Mozilla/5.0 (compatible; YandexBot/3.0; +http://yandex.com/bots)"
87.250.252.241 - - [27/Jan/2012:11:37:45 +0000] "GET / HTTP/1.1" 200 291 "-" "Mozilla/5.0 (compatible; YandexBot/3.0; +http://yandex.com/bots)"
92.39.50.11 - - [27/Jan/2012:19:33:02 +0000] "GET /wp-login.php HTTP/1.0" 404 210 "-" "-"
66.249.71.116 - - [28/Jan/2012:01:09:32 +0000] "GET /robots.txt HTTP/1.1" 404 208 "-" "Mozilla/5.0 (compatible; Googlebot/2.1; +http://www.google.com/bot.html)"
66.249.71.116 - - [28/Jan/2012:01:09:33 +0000] "GET /reports/ HTTP/1.1" 304 - "-" "Mozilla/5.0 (compatible; Googlebot/2.1; +http://www.google.com/bot.html)"
220.181.108.94 - - [29/Jan/2012:11:52:07 +0000] "GET / HTTP/1.1" 200 291 "-" "Mozilla/5.0 (compatible; Baiduspider/2.0; +http://www.baidu.com/search/spider.html)"
208.80.194.30 - - [29/Jan/2012:13:31:10 +0000] "GET / HTTP/1.0" 200 291 "-" "Mozilla/4.0 (compatible; MSIE 6.0; Windows NT 5.1; SV1; Rare-Lyrics Toolbar; .NET CLR 1.0.3705)"
66.249.71.116 - - [30/Jan/2012:08:17:10 +0000] "GET /robots.txt HTTP/1.1" 404 208 "-" "Mozilla/5.0 (compatible; Googlebot/2.1; +http://www.google.com/bot.html)"
66.249.71.116 - - [30/Jan/2012:08:17:10 +0000] "GET /reports/usage_201101.html HTTP/1.1" 304 - "-" "Mozilla/5.0 (compatible; Googlebot/2.1; +http://www.google.com/bot.html)"
66.249.71.116 - - [30/Jan/2012:14:41:08 +0000] "GET /reports/usage_201102.html HTTP/1.1" 304 - "-" "Mozilla/5.0 (compatible; Googlebot/2.1; +http://www.google.com/bot.html)"
66.249.71.116 - - [30/Jan/2012:18:01:11 +0000] "GET /reports/usage_201103.html HTTP/1.1" 304 - "-" "Mozilla/5.0 (compatible; Googlebot/2.1; +http://www.google.com/bot.html)"
66.249.71.116 - - [30/Jan/2012:22:44:09 +0000] "GET /robots.txt HTTP/1.1" 404 208 "-" "Mozilla/5.0 (compatible; Googlebot/2.1; +http://www.google.com/bot.html)"
66.249.71.116 - - [30/Jan/2012:22:44:10 +0000] "GET /reports/usage_201104.html HTTP/1.1" 304 - "-" "Mozilla/5.0 (compatible; Googlebot/2.1; +http://www.google.com/bot.html)"
66.249.71.116 - - [31/Jan/2012:01:19:24 +0000] "GET /reports/usage_201106.html HTTP/1.1" 304 - "-" "Mozilla/5.0 (compatible; Googlebot/2.1; +http://www.google.com/bot.html)"
66.249.71.116 - - [31/Jan/2012:02:35:36 +0000] "GET /reports/usage_201108.html HTTP/1.1" 304 - "-" "Mozilla/5.0 (compatible; Googlebot/2.1; +http://www.google.com/bot.html)"
66.249.71.116 - - [31/Jan/2012:09:25:01 +0000] "GET /reports/usage_201109.html HTTP/1.1" 304 - "-" "Mozilla/5.0 (compatible; Googlebot/2.1; +http://www.google.com/bot.html)"
208.80.194.28 - - [31/Jan/2012:09:33:53 +0000] "GET / HTTP/1.0" 200 291 "-" "Mozilla/4.0 (compatible; MSIE 6.0; Windows NT 5.1; Hotbar 4.1.8.0; SV1; .NET CLR 1.1.4322)"
95.108.151.244 - - [31/Jan/2012:11:36:02 +0000] "GET /robots.txt HTTP/1.1" 404 208 "-" "Mozilla/5.0 (compatible; YandexBot/3.0; +http://yandex.com/bots)"
95.108.151.244 - - [31/Jan/2012:11:36:03 +0000] "GET / HTTP/1.1" 200 291 "-" "Mozilla/5.0 (compatible; YandexBot/3.0; +http://yandex.com/bots)"
95.108.151.244 - - [31/Jan/2012:11:36:04 +0000] "GET / HTTP/1.1" 200 291 "-" "Mozilla/5.0 (compatible; YandexBot/3.0; +http://yandex.com/bots)"
66.249.71.116 - - [31/Jan/2012:12:58:42 +0000] "GET /robots.txt HTTP/1.1" 404 208 "-" "Mozilla/5.0 (compatible; Googlebot/2.1; +http://www.google.com/bot.html)"
66.249.71.116 - - [31/Jan/2012:12:58:42 +0000] "GET /reports/usage_201110.html HTTP/1.1" 304 - "-" "Mozilla/5.0 (compatible; Googlebot/2.1; +http://www.google.com/bot.html)"
66.249.71.116 - - [31/Jan/2012:13:46:40 +0000] "GET /reports/usage_201111.html HTTP/1.1" 304 - "-" "Mozilla/5.0 (compatible; Googlebot/2.1; +http://www.google.com/bot.html)"
66.249.71.116 - - [31/Jan/2012:14:38:08 +0000] "GET /reports/usage_201112.html HTTP/1.1" 304 - "-" "Mozilla/5.0 (compatible; Googlebot/2.1; +http://www.google.com/bot.html)"