151.138.13.244 - - [16/Jan/2012:05:22:41 +0000] "GET / HTTP/1.1" 206 9134 "-" "SuperPagesUrlVerifyBot/1.0"
95.108.150.235 - - [16/Jan/2012:05:39:40 +0000] "GET /robots.txt HTTP/1.1" 404 208 "-" "Mozilla/5.0 (compatible; YandexBot/3.0; +http://yandex.com/bots)"
95.108.150.235 - - [16/Jan/2012:05:39:41 +0000] "GET / HTTP/1.1" 200 9134 "-" "Mozilla/5.0 (compatible; YandexBot/3.0; +http://yandex.com/bots)"
95.108.150.235 - - [16/Jan/2012:05:39:42 +0000] "GET / HTTP/1.1" 200 9134 "-" "Mozilla/5.0 (compatible; YandexBot/3.0; +http://yandex.com/bots)"
66.249.71.120 - - [16/Jan/2012:08:17:12 +0000] "GET /robots.txt HTTP/1.1" 404 208 "-" "Mozilla/5.0 (compatible; Googlebot/2.1; +http://www.google.com/bot.html)"
66.249.71.120 - - [16/Jan/2012:08:17:13 +0000] "GET / HTTP/1.1" 304 - "-" "Mozilla/5.0 (compatible; Googlebot/2.1; +http://www.google.com/bot.html)"
95.108.151.244 - - [16/Jan/2012:12:52:37 +0000] "GET /robots.txt HTTP/1.1" 404 208 "-" "Mozilla/5.0 (compatible; YandexBot/3.0; +http://yandex.com/bots)"
95.108.151.244 - - [16/Jan/2012:12:52:38 +0000] "GET / HTTP/1.1" 200 9134 "-" "Mozilla/5.0 (compatible; YandexBot/3.0; +http://yandex.com/bots)"
95.108.151.244 - - [16/Jan/2012:12:52:39 +0000] "GET / HTTP/1.1" 200 9134 "-" "Mozilla/5.0 (compatible; YandexBot/3.0; +http://yandex.com/bots)"
65.52.110.143 - - [16/Jan/2012:17:44:30 +0000] "GET /robots.txt HTTP/1.1" 404 208 "-" "Mozilla/5.0 (compatible; bingbot/2.0; +http://www.bing.com/bingbot.htm)"
65.52.110.143 - - [16/Jan/2012:17:46:01 +0000] "GET / HTTP/1.1" 200 9134 "-" "Mozilla/5.0 (compatible; bingbot/2.0; +http://www.bing.com/bingbot.htm)"
66.249.72.175 - - [17/Jan/2012:09:18:45 +0000] "GET /robots.txt HTTP/1.1" 404 208 "-" "Mozilla/5.0 (compatible; Googlebot/2.1; +http://www.google.com/bot.html)"
66.249.72.175 - - [17/Jan/2012:09:18:46 +0000] "GET / HTTP/1.1" 200 9134 "-" "Mozilla/5.0 (compatible; Googlebot/2.1; +http://www.google.com/bot.html)"
64.150.190.96 - - [18/Jan/2012:03:38:38 +0000] "GET / HTTP/1.1" 200 9134 "-" "Mozilla/5.0 (Windows; U; Windows NT 5.1; en-US; rv:1.9.2.8) Gecko/20100722 Firefox/3.6.8"
64.150.190.96 - - [18/Jan/2012:03:38:42 +0000] "GET /jquery.js HTTP/1.1" 200 85558 "http://4WINNERSONLY.COM/" "Mozilla/5.0 (Windows; U; Windows NT 5.1; en-US; rv:1.9.2.8) Gecko/20100722 Firefox/3.6.8"
64.150.190.96 - - [18/Jan/2012:03:39:31 +0000] "GET /script.js HTTP/1.1" 200 6580 "http://4WINNERSONLY.COM/" "Mozilla/5.0 (Windows; U; Windows NT 5.1; en-US; rv:1.9.2.8) Gecko/20100722 Firefox/3.6.8"
220.181.94.231 - - [18/Jan/2012:03:43:22 +0000] "GET / HTTP/1.1" 304 - "-" "Sogou web spider/4.0(+http://www.sogou.com/docs/help/webmasters.htm#07)"
207.46.194.83 - - [18/Jan/2012:04:25:36 +0000] "GET /robots.txt HTTP/1.1" 404 208 "-" "msnbot-media/1.1 (+http://search.msn.com/msnbot.htm)"
207.46.194.83 - - [18/Jan/2012:04:25:36 +0000] "GET /images/shutterstock_17235442.jpg HTTP/1.1" 200 25602 "-" "msnbot-media/1.1 (+http://search.msn.com/msnbot.htm)"
207.46.194.83 - - [18/Jan/2012:04:25:37 +0000] "GET / HTTP/1.1" 200 9134 "-" "msnbot-media/1.1 (+http://search.msn.com/msnbot.htm)"
151.138.13.244 - - [18/Jan/2012:05:25:42 +0000] "GET / HTTP/1.1" 206 9134 "-" "SuperPagesUrlVerifyBot/1.0"
220.181.94.231 - - [18/Jan/2012:14:42:33 +0000] "GET / HTTP/1.1" 304 - "-" "Sogou web spider/4.0(+http://www.sogou.com/docs/help/webmasters.htm#07)"
220.181.108.119 - - [18/Jan/2012:18:38:54 +0000] "GET / HTTP/1.1" 200 9134 "-" "Mozilla/5.0 (compatible; Baiduspider/2.0; +http://www.baidu.com/search/spider.html)"
220.181.108.86 - - [18/Jan/2012:18:41:08 +0000] "GET /style.css HTTP/1.1" 200 23026 "-" "Mozilla/5.0 (compatible; Baiduspider/2.0; +http://www.baidu.com/search/spider.html)"
95.108.150.235 - - [18/Jan/2012:21:33:22 +0000] "GET /robots.txt HTTP/1.1" 404 208 "-" "Mozilla/5.0 (compatible; YandexBot/3.0; +http://yandex.com/bots)"
95.108.150.235 - - [18/Jan/2012:21:33:23 +0000] "GET / HTTP/1.1" 200 9134 "-" "Mozilla/5.0 (compatible; YandexBot/3.0; +http://yandex.com/bots)"
95.108.150.235 - - [18/Jan/2012:21:33:24 +0000] "GET / HTTP/1.1" 200 9134 "-" "Mozilla/5.0 (compatible; YandexBot/3.0; +http://yandex.com/bots)"
151.138.13.244 - - [19/Jan/2012:05:27:03 +0000] "GET / HTTP/1.1" 206 9134 "-" "SuperPagesUrlVerifyBot/1.0"
220.181.108.121 - - [19/Jan/2012:14:21:10 +0000] "GET / HTTP/1.1" 200 9134 "-" "Mozilla/5.0 (compatible; Baiduspider/2.0; +http://www.baidu.com/search/spider.html)"
65.52.108.67 - - [19/Jan/2012:20:26:12 +0000] "GET /robots.txt HTTP/1.1" 404 208 "-" "Mozilla/5.0 (compatible; bingbot/2.0; +http://www.bing.com/bingbot.htm)"
65.52.108.67 - - [19/Jan/2012:20:27:25 +0000] "GET / HTTP/1.1" 304 - "-" "Mozilla/5.0 (compatible; bingbot/2.0; +http://www.bing.com/bingbot.htm)"
220.181.94.231 - - [20/Jan/2012:04:24:18 +0000] "GET / HTTP/1.1" 304 - "-" "Sogou web spider/4.0(+http://www.sogou.com/docs/help/webmasters.htm#07)"
95.108.150.235 - - [20/Jan/2012:06:30:50 +0000] "GET /robots.txt HTTP/1.1" 404 208 "-" "Mozilla/5.0 (compatible; YandexBot/3.0; +http://yandex.com/bots)"
95.108.150.235 - - [20/Jan/2012:06:30:51 +0000] "GET / HTTP/1.1" 200 9134 "-" "Mozilla/5.0 (compatible; YandexBot/3.0; +http://yandex.com/bots)"
95.108.150.235 - - [20/Jan/2012:06:30:52 +0000] "GET / HTTP/1.1" 200 9134 "-" "Mozilla/5.0 (compatible; YandexBot/3.0; +http://yandex.com/bots)"
66.249.72.239 - - [20/Jan/2012:10:12:28 +0000] "GET /robots.txt HTTP/1.1" 404 208 "-" "Mozilla/5.0 (compatible; Googlebot/2.1; +http://www.google.com/bot.html)"
66.249.72.239 - - [20/Jan/2012:10:12:28 +0000] "GET / HTTP/1.1" 200 9134 "-" "Mozilla/5.0 (compatible; Googlebot/2.1; +http://www.google.com/bot.html)"
220.181.108.95 - - [21/Jan/2012:08:56:06 +0000] "GET / HTTP/1.1" 304 - "-" "Mozilla/5.0 (compatible; Baiduspider/2.0; +http://www.baidu.com/search/spider.html)"
92.39.50.13 - - [21/Jan/2012:10:55:41 +0000] "GET /wp-login.php HTTP/1.0" 404 210 "-" "-"
220.181.94.231 - - [21/Jan/2012:21:04:26 +0000] "GET / HTTP/1.1" 304 - "-" "Sogou web spider/4.0(+http://www.sogou.com/docs/help/webmasters.htm#07)"
95.108.150.235 - - [22/Jan/2012:19:04:53 +0000] "GET /robots.txt HTTP/1.1" 404 208 "-" "Mozilla/5.0 (compatible; YandexBot/3.0; +http://yandex.com/bots)"
95.108.150.235 - - [22/Jan/2012:19:04:54 +0000] "GET / HTTP/1.1" 200 9134 "-" "Mozilla/5.0 (compatible; YandexBot/3.0; +http://yandex.com/bots)"
95.108.150.235 - - [22/Jan/2012:19:04:55 +0000] "GET / HTTP/1.1" 200 9134 "-" "Mozilla/5.0 (compatible; YandexBot/3.0; +http://yandex.com/bots)"
207.46.204.191 - - [22/Jan/2012:23:24:24 +0000] "GET /robots.txt HTTP/1.1" 404 208 "-" "Mozilla/5.0 (compatible; bingbot/2.0; +http://www.bing.com/bingbot.htm)"
207.46.204.191 - - [22/Jan/2012:23:44:45 +0000] "GET / HTTP/1.1" 304 - "-" "Mozilla/5.0 (compatible; bingbot/2.0; +http://www.bing.com/bingbot.htm)"
151.138.13.244 - - [23/Jan/2012:05:26:54 +0000] "GET / HTTP/1.1" 206 9134 "-" "SuperPagesUrlVerifyBot/1.0"
184.72.197.130 - - [23/Jan/2012:05:27:49 +0000] "GET / HTTP/1.1" 200 9134 "-" "Mozilla/5.0 (Windows; U; Windows NT 6.1; en-US; rv:1.9.2) Gecko/20100115 Firefox/3.6"
184.72.197.130 - - [23/Jan/2012:05:27:49 +0000] "GET / HTTP/1.1" 200 9134 "-" "Mozilla/5.0 (Windows; U; Windows NT 6.1; en-US; rv:1.9.2) Gecko/20100115 Firefox/3.6"
184.72.197.130 - - [23/Jan/2012:05:27:50 +0000] "GET /robots.txt HTTP/1.1" 404 208 "-" "Mozilla/5.0 (Windows; U; Windows NT 6.1; en-US; rv:1.9.2) Gecko/20100115 Firefox/3.6"
184.72.197.130 - - [23/Jan/2012:05:27:50 +0000] "GET /sitemap.xml HTTP/1.1" 404 209 "-" "Mozilla/5.0 (Windows; U; Windows NT 6.1; en-US; rv:1.9.2) Gecko/20100115 Firefox/3.6"
66.249.71.120 - - [23/Jan/2012:10:22:05 +0000] "GET /robots.txt HTTP/1.1" 404 208 "-" "Mozilla/5.0 (compatible; Googlebot/2.1; +http://www.google.com/bot.html)"
66.249.71.120 - - [23/Jan/2012:10:22:05 +0000] "GET / HTTP/1.1" 200 9134 "-" "Mozilla/5.0 (compatible; Googlebot/2.1; +http://www.google.com/bot.html)"
116.64.67.77 - - [24/Jan/2012:02:22:18 +0000] "GET /plugins/editors/tinymce/jscripts/tiny_mce/plugins/tinybrowser/upload.php HTTP/1.0" 404 270 "-" "Mozilla/5.0 (Windows; U; Windows NT 6.1; en; rv:1.9.2.13) Gecko/20101203 Firefox/3.6.13"
220.181.94.231 - - [24/Jan/2012:03:36:03 +0000] "GET / HTTP/1.1" 304 - "-" "Sogou web spider/4.0(+http://www.sogou.com/docs/help/webmasters.htm#07)"
95.108.150.235 - - [24/Jan/2012:13:52:48 +0000] "GET /robots.txt HTTP/1.1" 404 208 "-" "Mozilla/5.0 (compatible; YandexBot/3.0; +http://yandex.com/bots)"
95.108.150.235 - - [24/Jan/2012:13:52:49 +0000] "GET / HTTP/1.1" 200 9134 "-" "Mozilla/5.0 (compatible; YandexBot/3.0; +http://yandex.com/bots)"
95.108.150.235 - - [24/Jan/2012:13:52:50 +0000] "GET / HTTP/1.1" 200 9134 "-" "Mozilla/5.0 (compatible; YandexBot/3.0; +http://yandex.com/bots)"
220.181.51.77 - - [25/Jan/2012:03:02:36 +0000] "GET / HTTP/1.1" 200 9134 "-" "Mozilla/5.0 (Windows NT 5.1; rv:6.0.2) Gecko/20100101 Firefox/6.0.2"
151.138.13.244 - - [25/Jan/2012:05:27:10 +0000] "GET / HTTP/1.1" 206 9134 "-" "SuperPagesUrlVerifyBot/1.0"
220.181.94.231 - - [25/Jan/2012:09:33:57 +0000] "GET / HTTP/1.1" 304 - "-" "Sogou web spider/4.0(+http://www.sogou.com/docs/help/webmasters.htm#07)"
216.153.175.18 - - [25/Jan/2012:23:03:05 +0000] "GET / HTTP/1.1" 200 9134 "http://search.yahoo.com/search;_ylt=ApHzvih0SXj.ZsGc5sK8DWKbvZx4?p=vip+53012&toggle=1&cop=mss&ei=UTF-8&fr=yfp-t-701" "Mozilla/4.0 (compatible; MSIE 7.0; Windows NT 6.1; WOW64; Trident/4.0; SLCC2; .NET CLR 2.0.50727; .NET CLR 3.5.30729; .NET CLR 3.0.30729; Media Center PC 6.0; MDDC; .NET4.0C; .NET4.0E)"
216.153.175.18 - - [25/Jan/2012:23:03:05 +0000] "GET /style.css HTTP/1.1" 200 23026 "http://4winnersonly.com/" "Mozilla/4.0 (compatible; MSIE 8.0; Windows NT 6.1; WOW64; Trident/4.0; SLCC2; .NET CLR 2.0.50727; .NET CLR 3.5.30729; .NET CLR 3.0.30729; Media Center PC 6.0; MDDC; .NET4.0C; .NET4.0E)"
216.153.175.18 - - [25/Jan/2012:23:03:06 +0000] "GET /jquery.js HTTP/1.1" 200 85558 "http://4winnersonly.com/" "Mozilla/4.0 (compatible; MSIE 8.0; Windows NT 6.1; WOW64; Trident/4.0; SLCC2; .NET CLR 2.0.50727; .NET CLR 3.5.30729; .NET CLR 3.0.30729; Media Center PC 6.0; MDDC; .NET4.0C; .NET4.0E)"
216.153.175.18 - - [25/Jan/2012:23:03:07 +0000] "GET /script.js HTTP/1.1" 200 6580 "http://4winnersonly.com/" "Mozilla/4.0 (compatible; MSIE 8.0; Windows NT 6.1; WOW64; Trident/4.0; SLCC2; .NET CLR 2.0.50727; .NET CLR 3.5.30729; .NET CLR 3.0.30729; Media Center PC 6.0; MDDC; .NET4.0C; .NET4.0E)"
216.153.175.18 - - [25/Jan/2012:23:03:07 +0000] "GET /images/thisdomain.png HTTP/1.1" 200 54117 "http://4winnersonly.com/" "Mozilla/4.0 (compatible; MSIE 8.0; Windows NT 6.1; WOW64; Trident/4.0; SLCC2; .NET CLR 2.0.50727; .NET CLR 3.5.30729; .NET CLR 3.0.30729; Media Center PC 6.0; MDDC; .NET4.0C; .NET4.0E)"
216.153.175.18 - - [25/Jan/2012:23:03:07 +0000] "GET /images/shutterstock_17235442.jpg HTTP/1.1" 200 25602 "http://4winnersonly.com/" "Mozilla/4.0 (compatible; MSIE 8.0; Windows NT 6.1; WOW64; Trident/4.0; SLCC2; .NET CLR 2.0.50727; .NET CLR 3.5.30729; .NET CLR 3.0.30729; Media Center PC 6.0; MDDC; .NET4.0C; .NET4.0E)"
216.153.175.18 - - [25/Jan/2012:23:03:08 +0000] "GET /images/header.jpg HTTP/1.1" 200 11899 "http://4winnersonly.com/" "Mozilla/4.0 (compatible; MSIE 8.0; Windows NT 6.1; WOW64; Trident/4.0; SLCC2; .NET CLR 2.0.50727; .NET CLR 3.5.30729; .NET CLR 3.0.30729; Media Center PC 6.0; MDDC; .NET4.0C; .NET4.0E)"
216.153.175.18 - - [25/Jan/2012:23:03:08 +0000] "GET /images/Bottom_texture.jpg HTTP/1.1" 200 2795 "http://4winnersonly.com/" "Mozilla/4.0 (compatible; MSIE 8.0; Windows NT 6.1; WOW64; Trident/4.0; SLCC2; .NET CLR 2.0.50727; .NET CLR 3.5.30729; .NET CLR 3.0.30729; Media Center PC 6.0; MDDC; .NET4.0C; .NET4.0E)"
216.153.175.18 - - [25/Jan/2012:23:03:08 +0000] "GET /images/header-object.png HTTP/1.1" 200 42938 "http://4winnersonly.com/" "Mozilla/4.0 (compatible; MSIE 8.0; Windows NT 6.1; WOW64; Trident/4.0; SLCC2; .NET CLR 2.0.50727; .NET CLR 3.5.30729; .NET CLR 3.0.30729; Media Center PC 6.0; MDDC; .NET4.0C; .NET4.0E)"
216.153.175.18 - - [25/Jan/2012:23:03:08 +0000] "GET /images/nav.png HTTP/1.1" 200 1259 "http://4winnersonly.com/" "Mozilla/4.0 (compatible; MSIE 8.0; Windows NT 6.1; WOW64; Trident/4.0; SLCC2; .NET CLR 2.0.50727; .NET CLR 3.5.30729; .NET CLR 3.0.30729; Media Center PC 6.0; MDDC; .NET4.0C; .NET4.0E)"
216.153.175.18 - - [25/Jan/2012:23:03:08 +0000] "GET /images/sales.png HTTP/1.1" 200 72028 "http://4winnersonly.com/" "Mozilla/4.0 (compatible; MSIE 8.0; Windows NT 6.1; WOW64; Trident/4.0; SLCC2; .NET CLR 2.0.50727; .NET CLR 3.5.30729; .NET CLR 3.0.30729; Media Center PC 6.0; MDDC; .NET4.0C; .NET4.0E)"
216.153.175.18 - - [25/Jan/2012:23:03:08 +0000] "GET /images/SupportT.png HTTP/1.1" 200 76088 "http://4winnersonly.com/" "Mozilla/4.0 (compatible; MSIE 8.0; Windows NT 6.1; WOW64; Trident/4.0; SLCC2; .NET CLR 2.0.50727; .NET CLR 3.5.30729; .NET CLR 3.0.30729; Media Center PC 6.0; MDDC; .NET4.0C; .NET4.0E)"
216.153.175.18 - - [25/Jan/2012:23:03:08 +0000] "GET /images/techsupport2.png HTTP/1.1" 200 74635 "http://4winnersonly.com/" "Mozilla/4.0 (compatible; MSIE 8.0; Windows NT 6.1; WOW64; Trident/4.0; SLCC2; .NET CLR 2.0.50727; .NET CLR 3.5.30729; .NET CLR 3.0.30729; Media Center PC 6.0; MDDC; .NET4.0C; .NET4.0E)"
75.150.37.173 - - [26/Jan/2012:00:41:21 +0000] "GET / HTTP/1.1" 200 9134 "-" "Mozilla/5.0 (X11; U; Linux x86_64; en-US) AppleWebKit/533.4 (KHTML, like Gecko) Chrome/5.0.375.70 Safari/533.4"
66.249.71.120 - - [26/Jan/2012:03:37:47 +0000] "GET /robots.txt HTTP/1.1" 404 208 "-" "Mozilla/5.0 (compatible; Googlebot/2.1; +http://www.google.com/bot.html)"
66.249.71.120 - - [26/Jan/2012:03:37:47 +0000] "GET / HTTP/1.1" 200 9134 "-" "SAMSUNG-SGH-E250/1.0 Profile/MIDP-2.0 Configuration/CLDC-1.1 UP.Browser/6.2.3.3.c.1.101 (GUI) MMP/2.0 (compatible; Googlebot-Mobile/2.1; +http://www.google.com/bot.html)"
151.138.13.244 - - [26/Jan/2012:05:26:38 +0000] "GET / HTTP/1.1" 206 9134 "-" "SuperPagesUrlVerifyBot/1.0"
65.52.104.89 - - [26/Jan/2012:06:12:21 +0000] "GET /robots.txt HTTP/1.1" 404 208 "-" "Mozilla/5.0 (compatible; bingbot/2.0; +http://www.bing.com/bingbot.htm)"
65.52.104.89 - - [26/Jan/2012:06:13:12 +0000] "GET / HTTP/1.1" 304 - "-" "Mozilla/5.0 (compatible; bingbot/2.0; +http://www.bing.com/bingbot.htm)"
66.249.71.120 - - [26/Jan/2012:10:22:54 +0000] "GET / HTTP/1.1" 200 9134 "-" "Mozilla/5.0 (compatible; Googlebot/2.1; +http://www.google.com/bot.html)"
95.108.150.235 - - [26/Jan/2012:12:19:25 +0000] "GET /robots.txt HTTP/1.1" 404 208 "-" "Mozilla/5.0 (compatible; YandexBot/3.0; +http://yandex.com/bots)"
95.108.150.235 - - [26/Jan/2012:12:19:26 +0000] "GET / HTTP/1.1" 200 9134 "-" "Mozilla/5.0 (compatible; YandexBot/3.0; +http://yandex.com/bots)"
95.108.150.235 - - [26/Jan/2012:12:19:27 +0000] "GET / HTTP/1.1" 200 9134 "-" "Mozilla/5.0 (compatible; YandexBot/3.0; +http://yandex.com/bots)"
220.181.94.231 - - [26/Jan/2012:18:12:18 +0000] "GET / HTTP/1.1" 304 - "-" "Sogou web spider/4.0(+http://www.sogou.com/docs/help/webmasters.htm#07)"
87.250.252.241 - - [27/Jan/2012:06:10:52 +0000] "GET /robots.txt HTTP/1.1" 404 208 "-" "Mozilla/5.0 (compatible; YandexBot/3.0; +http://yandex.com/bots)"
87.250.252.241 - - [27/Jan/2012:16:08:20 +0000] "GET / HTTP/1.1" 200 9134 "-" "Mozilla/5.0 (compatible; YandexBot/3.0; +http://yandex.com/bots)"
78.29.15.137 - - [28/Jan/2012:00:14:04 +0000] "POST /wp-login.php HTTP/1.1" 404 210 "-" "-"
220.181.94.231 - - [28/Jan/2012:01:23:41 +0000] "GET / HTTP/1.1" 304 - "-" "Sogou web spider/4.0(+http://www.sogou.com/docs/help/webmasters.htm#07)"
220.181.108.104 - - [28/Jan/2012:05:08:19 +0000] "GET / HTTP/1.1" 304 - "-" "Mozilla/5.0 (compatible; Baiduspider/2.0; +http://www.baidu.com/search/spider.html)"
95.108.150.235 - - [28/Jan/2012:08:48:05 +0000] "GET /robots.txt HTTP/1.1" 404 208 "-" "Mozilla/5.0 (compatible; YandexBot/3.0; +http://yandex.com/bots)"
95.108.150.235 - - [28/Jan/2012:08:48:06 +0000] "GET / HTTP/1.1" 200 9134 "-" "Mozilla/5.0 (compatible; YandexBot/3.0; +http://yandex.com/bots)"
95.108.150.235 - - [28/Jan/2012:08:48:07 +0000] "GET / HTTP/1.1" 200 9134 "-" "Mozilla/5.0 (compatible; YandexBot/3.0; +http://yandex.com/bots)"
220.181.108.173 - - [29/Jan/2012:09:53:16 +0000] "GET / HTTP/1.1" 304 - "-" "Mozilla/5.0 (compatible; Baiduspider/2.0; +http://www.baidu.com/search/spider.html)"
220.181.94.231 - - [29/Jan/2012:10:16:09 +0000] "GET / HTTP/1.1" 304 - "-" "Sogou web spider/4.0(+http://www.sogou.com/docs/help/webmasters.htm#07)"
66.249.71.120 - - [29/Jan/2012:10:26:40 +0000] "GET /robots.txt HTTP/1.1" 404 208 "-" "Mozilla/5.0 (compatible; Googlebot/2.1; +http://www.google.com/bot.html)"
66.249.71.120 - - [29/Jan/2012:10:26:40 +0000] "GET / HTTP/1.1" 200 9134 "-" "Mozilla/5.0 (compatible; Googlebot/2.1; +http://www.google.com/bot.html)"
65.52.104.89 - - [29/Jan/2012:16:32:43 +0000] "GET /robots.txt HTTP/1.1" 404 208 "-" "Mozilla/5.0 (compatible; bingbot/2.0; +http://www.bing.com/bingbot.htm)"
65.52.104.89 - - [29/Jan/2012:16:33:22 +0000] "GET / HTTP/1.1" 304 - "-" "Mozilla/5.0 (compatible; bingbot/2.0; +http://www.bing.com/bingbot.htm)"
83.69.233.163 - - [29/Jan/2012:18:56:46 +0000] "GET / HTTP/1.1" 200 9134 "http://yandex.ru/" "Mozilla/5.0 (compatible: MSIE 6.0)"
220.181.51.74 - - [29/Jan/2012:20:59:01 +0000] "GET / HTTP/1.1" 200 9134 "-" "Mozilla/5.0 (Windows NT 5.1; rv:6.0.2) Gecko/20100101 Firefox/6.0.2"
151.138.13.244 - - [30/Jan/2012:05:31:25 +0000] "GET / HTTP/1.1" 206 9134 "-" "SuperPagesUrlVerifyBot/1.0"
95.108.150.235 - - [30/Jan/2012:12:37:50 +0000] "GET /robots.txt HTTP/1.1" 404 208 "-" "Mozilla/5.0 (compatible; YandexBot/3.0; +http://yandex.com/bots)"
95.108.150.235 - - [30/Jan/2012:12:37:51 +0000] "GET / HTTP/1.1" 200 9134 "-" "Mozilla/5.0 (compatible; YandexBot/3.0; +http://yandex.com/bots)"
95.108.150.235 - - [30/Jan/2012:12:37:52 +0000] "GET / HTTP/1.1" 200 9134 "-" "Mozilla/5.0 (compatible; YandexBot/3.0; +http://yandex.com/bots)"
220.181.94.231 - - [30/Jan/2012:17:18:29 +0000] "GET / HTTP/1.1" 304 - "-" "Sogou web spider/4.0(+http://www.sogou.com/docs/help/webmasters.htm#07)"
68.119.215.170 - - [31/Jan/2012:04:52:04 +0000] "GET / HTTP/1.1" 200 9134 "-" "Mozilla/4.0 (compatible; MSIE 5.5; Windows NT 4.0)"
68.119.215.170 - - [31/Jan/2012:04:52:05 +0000] "GET /mailto:support@registermydomain.com HTTP/1.1" 404 233 "-" "Mozilla/4.0 (compatible; MSIE 5.5; Windows NT 4.0)"
68.119.215.170 - - [31/Jan/2012:04:52:05 +0000] "GET /mailto:support@registermydomain.com HTTP/1.1" 404 233 "-" "Mozilla/4.0 (compatible; MSIE 5.5; Windows NT 4.0)"
220.181.108.149 - - [31/Jan/2012:08:47:41 +0000] "GET / HTTP/1.1" 304 - "-" "Mozilla/5.0 (compatible; Baiduspider/2.0; +http://www.baidu.com/search/spider.html)"
95.108.151.244 - - [31/Jan/2012:11:35:54 +0000] "GET /robots.txt HTTP/1.1" 404 208 "-" "Mozilla/5.0 (compatible; YandexBot/3.0; +http://yandex.com/bots)"
95.108.151.244 - - [31/Jan/2012:11:35:55 +0000] "GET / HTTP/1.1" 200 9134 "-" "Mozilla/5.0 (compatible; YandexBot/3.0; +http://yandex.com/bots)"
95.108.151.244 - - [31/Jan/2012:11:35:56 +0000] "GET / HTTP/1.1" 200 9134 "-" "Mozilla/5.0 (compatible; YandexBot/3.0; +http://yandex.com/bots)"